CRAN Package Check Results for Package csmaps

Last updated on 2025-02-23 15:49:40 CET.

Flavor Version Tinstall Tcheck Ttotal Status Flags
r-devel-linux-x86_64-debian-clang 2023.5.22 5.97 64.72 70.69 OK
r-devel-linux-x86_64-debian-gcc 2023.5.22 5.13 50.45 55.58 OK
r-devel-linux-x86_64-fedora-clang 2023.5.22 112.60 OK
r-devel-linux-x86_64-fedora-gcc 2023.5.22 119.55 OK
r-devel-macos-arm64 2023.5.22 46.00 OK
r-devel-macos-x86_64 2023.5.22 93.00 OK
r-devel-windows-x86_64 2023.5.22 8.00 87.00 95.00 OK
r-patched-linux-x86_64 2023.5.22 6.17 60.09 66.26 OK
r-release-linux-x86_64 2023.5.22 5.84 59.42 65.26 OK
r-release-macos-arm64 2023.5.22 53.00 NOTE
r-release-macos-x86_64 2023.5.22 66.00 NOTE
r-release-windows-x86_64 2023.5.22 8.00 81.00 89.00 NOTE
r-oldrel-macos-arm64 2023.5.22 45.00 NOTE
r-oldrel-macos-x86_64 2023.5.22 133.00 NOTE
r-oldrel-windows-x86_64 2023.5.22 9.00 90.00 99.00 NOTE

Check Details

Version: 2023.5.22
Check: installed package size
Result: NOTE installed size is 5.8Mb sub-directories of 1Mb or more: data 4.0Mb doc 1.6Mb Flavors: r-release-macos-arm64, r-release-macos-x86_64, r-release-windows-x86_64, r-oldrel-macos-arm64, r-oldrel-macos-x86_64, r-oldrel-windows-x86_64

These binaries (installable software) and packages are in development.
They may not be fully stable and should be used with caution. We make no claims about them.
Health stats visible at Monitor.