CRAN Package Check Results for Package crossvalidationCP

Last updated on 2025-05-15 07:49:36 CEST.

Flavor Version Tinstall Tcheck Ttotal Status Flags
r-devel-linux-x86_64-debian-clang 1.1 2.16 27.01 29.17 NOTE
r-devel-linux-x86_64-debian-gcc 1.1 1.66 20.76 22.42 NOTE
r-devel-linux-x86_64-fedora-clang 1.1 45.31 OK
r-devel-linux-x86_64-fedora-gcc 1.1 44.72 OK
r-devel-windows-x86_64 1.1 3.00 55.00 58.00 OK
r-patched-linux-x86_64 1.1 2.63 26.18 28.81 OK
r-release-linux-x86_64 1.1 2.02 26.10 28.12 OK
r-release-macos-arm64 1.1 22.00 OK
r-release-macos-x86_64 1.1 32.00 OK
r-release-windows-x86_64 1.1 3.00 54.00 57.00 OK
r-oldrel-macos-arm64 1.1 20.00 OK
r-oldrel-macos-x86_64 1.1 27.00 OK
r-oldrel-windows-x86_64 1.1 3.00 58.00 61.00 OK

Check Details

Version: 1.1
Check: CRAN incoming feasibility
Result: NOTE Maintainer: ‘Pein Florian <f.pein@lancaster.ac.uk>’ The Description field contains <arXiv:2112.03220>. Can be customised by providing different Please refer to arXiv e-prints via their arXiv DOI <doi:10.48550/arXiv.YYMM.NNNNN>. Flavors: r-devel-linux-x86_64-debian-clang, r-devel-linux-x86_64-debian-gcc

These binaries (installable software) and packages are in development.
They may not be fully stable and should be used with caution. We make no claims about them.
Health stats visible at Monitor.