CRAN Package Check Results for Package crosstalkr

Last updated on 2025-02-08 18:49:31 CET.

Flavor Version Tinstall Tcheck Ttotal Status Flags
r-devel-linux-x86_64-debian-clang 1.0.5 13.34 154.09 167.43 OK
r-devel-linux-x86_64-debian-gcc 1.0.5 8.61 106.30 114.91 OK
r-devel-linux-x86_64-fedora-clang 1.0.5 276.60 OK
r-devel-linux-x86_64-fedora-gcc 1.0.5 288.80 OK
r-devel-windows-x86_64 1.0.5 15.00 172.00 187.00 OK
r-patched-linux-x86_64 1.0.5 12.80 148.24 161.04 OK
r-release-linux-x86_64 1.0.5 12.19 149.99 162.18 OK
r-release-macos-arm64 1.0.5 122.00 NOTE
r-release-macos-x86_64 1.0.5 164.00 NOTE
r-release-windows-x86_64 1.0.5 20.00 173.00 193.00 OK
r-oldrel-macos-arm64 1.0.5 138.00 NOTE
r-oldrel-macos-x86_64 1.0.5 210.00 NOTE
r-oldrel-windows-x86_64 1.0.5 20.00 181.00 201.00 ERROR

Check Details

Version: 1.0.5
Check: package dependencies
Result: NOTE Package suggested but not available for checking: ‘EnsDb.Hsapiens.v86’ Flavors: r-release-macos-arm64, r-release-macos-x86_64, r-oldrel-macos-arm64, r-oldrel-macos-x86_64, r-oldrel-windows-x86_64

Version: 1.0.5
Check: re-building of vignette outputs
Result: ERROR Error(s) in re-building vignettes: --- re-building 'crosstalkr_vignette.Rmd' using rmarkdown Quitting from lines 47-63 [load_more_data] (crosstalkr_vignette.Rmd) Error: processing vignette 'crosstalkr_vignette.Rmd' failed with diagnostics: cannot open the connection to 'https://github.com/DavisWeaver/disruptr/blob/main/inst/test_data/stringdb.Rda?raw=true' --- failed re-building 'crosstalkr_vignette.Rmd' SUMMARY: processing the following file failed: 'crosstalkr_vignette.Rmd' Error: Vignette re-building failed. Execution halted Flavor: r-oldrel-windows-x86_64

These binaries (installable software) and packages are in development.
They may not be fully stable and should be used with caution. We make no claims about them.
Health stats visible at Monitor.