Last updated on 2025-02-23 19:51:02 CET.
Flavor | Version | Tinstall | Tcheck | Ttotal | Status | Flags |
---|---|---|---|---|---|---|
r-devel-linux-x86_64-debian-clang | 0.3.11 | 88.52 | 469.22 | 557.74 | NOTE | |
r-devel-linux-x86_64-debian-gcc | 0.3.11 | 40.57 | 269.78 | 310.35 | NOTE | |
r-devel-linux-x86_64-fedora-clang | 0.3.11 | 880.24 | NOTE | |||
r-devel-linux-x86_64-fedora-gcc | 0.3.11 | 824.22 | NOTE | |||
r-devel-macos-arm64 | 0.3.11 | 220.00 | OK | |||
r-devel-macos-x86_64 | 0.3.11 | 535.00 | NOTE | |||
r-devel-windows-x86_64 | 0.3.11 | 55.00 | 575.00 | 630.00 | ERROR | |
r-patched-linux-x86_64 | 0.3.11 | 55.70 | 440.16 | 495.86 | OK | |
r-release-linux-x86_64 | 0.3.11 | 54.99 | 439.64 | 494.63 | OK | |
r-release-macos-arm64 | 0.3.11 | 225.00 | NOTE | |||
r-release-macos-x86_64 | 0.3.11 | 437.00 | NOTE | |||
r-release-windows-x86_64 | 0.3.11 | 54.00 | 603.00 | 657.00 | OK | |
r-oldrel-macos-arm64 | 0.3.11 | 219.00 | NOTE | |||
r-oldrel-macos-x86_64 | 0.3.11 | 477.00 | NOTE | |||
r-oldrel-windows-x86_64 | 0.3.11 | 66.00 | 723.00 | 789.00 | OK |
Version: 0.3.11
Check: DESCRIPTION meta-information
Result: NOTE
Missing dependency on R >= 4.1.0 because package code uses the pipe
|> or function shorthand \(...) syntax added in R 4.1.0.
File(s) using such syntax:
‘cleaning.R’
Flavors: r-devel-linux-x86_64-debian-clang, r-devel-linux-x86_64-debian-gcc, r-devel-linux-x86_64-fedora-clang, r-devel-linux-x86_64-fedora-gcc, r-devel-macos-x86_64, r-devel-windows-x86_64
Version: 0.3.11
Check: re-building of vignette outputs
Result: ERROR
Error(s) in re-building vignettes:
--- re-building 'cran.Rmd' using rmarkdown
Quitting from lines 62-64 [get_graph_all_packages] (cran.Rmd)
Error: processing vignette 'cran.Rmd' failed with diagnostics:
no applicable method for 'inner_join' applied to an object of class "NULL"
--- failed re-building 'cran.Rmd'
--- re-building 'degree.Rmd' using rmarkdown
--- finished re-building 'degree.Rmd'
--- re-building 'introduction.Rmd' using rmarkdown
--- finished re-building 'introduction.Rmd'
SUMMARY: processing the following file failed:
'cran.Rmd'
Error: Vignette re-building failed.
Execution halted
Flavor: r-devel-windows-x86_64
Version: 0.3.11
Check: installed package size
Result: NOTE
installed size is 10.4Mb
sub-directories of 1Mb or more:
data 1.2Mb
doc 2.2Mb
libs 6.9Mb
Flavors: r-release-macos-arm64, r-release-macos-x86_64, r-oldrel-macos-arm64, r-oldrel-macos-x86_64
These binaries (installable software) and packages are in development.
They may not be fully stable and should be used with caution. We make no claims about them.
Health stats visible at Monitor.