CRAN Package Check Results for Package cpp11armadillo

Last updated on 2025-02-23 19:51:02 CET.

Flavor Version Tinstall Tcheck Ttotal Status Flags
r-devel-linux-x86_64-debian-clang 0.4.1 8.55 25.76 34.31 OK
r-devel-linux-x86_64-debian-gcc 0.4.4 6.65 35.48 42.13 OK
r-devel-linux-x86_64-fedora-clang 0.4.4 95.71 WARN
r-devel-linux-x86_64-fedora-gcc 0.4.4 110.57 OK
r-devel-macos-arm64 0.4.1 31.00 OK
r-devel-macos-x86_64 0.4.4 148.00 OK
r-devel-windows-x86_64 0.4.1 16.00 50.00 66.00 OK
r-patched-linux-x86_64 0.4.4 8.61 44.59 53.20 OK
r-release-linux-x86_64 0.4.4 7.79 44.80 52.59 OK
r-release-macos-arm64 0.4.1 35.00 NOTE
r-release-macos-x86_64 0.4.4 144.00 NOTE
r-release-windows-x86_64 0.4.1 15.00 52.00 67.00 NOTE
r-oldrel-macos-arm64 0.4.1 60.00 NOTE
r-oldrel-macos-x86_64 0.4.4 155.00 NOTE
r-oldrel-windows-x86_64 0.4.4 24.00 82.00 106.00 NOTE

Check Details

Version: 0.4.4
Check: whether package can be installed
Result: WARN Found the following significant warnings: /data/gannet/ripley/R/test-clang/cpp11/include/cpp11/R.hpp:52:31: warning: identifier '_xl' preceded by whitespace in a literal operator declaration is deprecated [-Wdeprecated-literal-operator] /data/gannet/ripley/R/test-clang/cpp11/include/cpp11/named_arg.hpp:42:29: warning: identifier '_nm' preceded by whitespace in a literal operator declaration is deprecated [-Wdeprecated-literal-operator] See ‘/data/gannet/ripley/R/packages/tests-clang/cpp11armadillo.Rcheck/00install.out’ for details. * used C++ compiler: ‘clang version 20.1.0-rc2’ Flavor: r-devel-linux-x86_64-fedora-clang

Version: 0.4.1
Check: installed package size
Result: NOTE installed size is 6.9Mb sub-directories of 1Mb or more: include 6.5Mb Flavors: r-release-macos-arm64, r-release-windows-x86_64, r-oldrel-macos-arm64

Version: 0.4.4
Check: installed package size
Result: NOTE installed size is 8.2Mb sub-directories of 1Mb or more: doc 1.5Mb include 6.5Mb Flavors: r-release-macos-x86_64, r-oldrel-macos-x86_64, r-oldrel-windows-x86_64

These binaries (installable software) and packages are in development.
They may not be fully stable and should be used with caution. We make no claims about them.
Health stats visible at Monitor.