CRAN Package Check Results for Package coxed

Last updated on 2025-05-17 15:50:39 CEST.

Flavor Version Tinstall Tcheck Ttotal Status Flags
r-devel-linux-x86_64-debian-clang 0.3.3 16.12 158.02 174.14 NOTE
r-devel-linux-x86_64-debian-gcc 0.3.3 11.87 108.37 120.24 NOTE
r-devel-linux-x86_64-fedora-clang 0.3.3 265.95 NOTE
r-devel-linux-x86_64-fedora-gcc 0.3.3 276.42 NOTE
r-devel-windows-x86_64 0.3.3 14.00 167.00 181.00 NOTE
r-patched-linux-x86_64 0.3.3 13.59 148.95 162.54 NOTE
r-release-linux-x86_64 0.3.3 15.03 149.61 164.64 NOTE
r-release-macos-arm64 0.3.3 82.00 OK
r-release-macos-x86_64 0.3.3 147.00 OK
r-release-windows-x86_64 0.3.3 16.00 168.00 184.00 NOTE
r-oldrel-macos-arm64 0.3.3 75.00 OK
r-oldrel-macos-x86_64 0.3.3 114.00 OK
r-oldrel-windows-x86_64 0.3.3 21.00 203.00 224.00 OK

Check Details

Version: 0.3.3
Check: CRAN incoming feasibility
Result: NOTE Maintainer: ‘"Kropko, Jonathan" <jkropko@virginia.edu>’ Found the following URLs which should use \doi (with the DOI name only): File ‘baseline.build.Rd’: https://doi.org/10.1017/psrm.2018.19 File ‘bca.Rd’: https://doi.org/10.1214/ss/1032280214 File ‘coxed-package.Rd’: https://doi.org/10.1017/psrm.2018.19 https://doi.org/10.1017/S000712341700045X https://doi.org/10.1137/0904045 https://doi.org/10.1017/S0007123403000140 https://doi.org/10.1002/sim.3092 http://dx.doi.org/10.1080/01621459.2016.1180986 File ‘coxed.Rd’: https://doi.org/10.1017/S000712341700045X https://doi.org/10.1214/ss/1032280214 File ‘coxed.gam.Rd’: https://doi.org/10.1017/S000712341700045X http://dx.doi.org/10.1080/01621459.2016.1180986 File ‘coxed.gam.tvc.Rd’: https://doi.org/10.1017/S000712341700045X File ‘coxed.npsf.Rd’: https://doi.org/10.1017/S000712341700045X File ‘coxed.npsf.tvc.Rd’: https://doi.org/10.1017/S000712341700045X File ‘generate.lm.Rd’: https://doi.org/10.1017/psrm.2018.19 File ‘martinvanberg.Rd’: https://doi.org/10.1017/S0007123403000140 File ‘sim.survdata.Rd’: https://doi.org/10.1017/psrm.2018.19 File ‘survsim.plot.Rd’: https://doi.org/10.1017/psrm.2018.19 Flavors: r-devel-linux-x86_64-debian-clang, r-devel-linux-x86_64-debian-gcc

Version: 0.3.3
Check: Rd cross-references
Result: NOTE Found the following Rd file(s) with Rd \link{} targets missing package anchors: coxed.Rd: mgcv, rms coxed.gam.Rd: mgcv coxed.gam.tvc.Rd: mgcv Please provide package anchors for all Rd \link{} targets not in the package itself and the base packages. Flavors: r-devel-linux-x86_64-debian-clang, r-devel-linux-x86_64-debian-gcc, r-devel-windows-x86_64, r-patched-linux-x86_64, r-release-linux-x86_64, r-release-windows-x86_64

Version: 0.3.3
Check: dependencies in R code
Result: NOTE Namespace in Imports field not imported from: ‘mediation’ All declared Imports should be used. Flavors: r-devel-linux-x86_64-fedora-clang, r-devel-linux-x86_64-fedora-gcc

These binaries (installable software) and packages are in development.
They may not be fully stable and should be used with caution. We make no claims about them.
Health stats visible at Monitor.