Last updated on 2024-05-02 08:01:37 CEST.
Flavor | Version | Tinstall | Tcheck | Ttotal | Status | Flags |
---|---|---|---|---|---|---|
r-devel-linux-x86_64-debian-clang | 0.1.9 | 5.68 | 45.31 | 50.99 | ERROR | |
r-devel-linux-x86_64-debian-gcc | 0.1.9 | 3.63 | 190.80 | 194.43 | OK | |
r-devel-linux-x86_64-fedora-clang | 0.1.9 | 327.30 | OK | |||
r-devel-linux-x86_64-fedora-gcc | 0.1.9 | 308.82 | OK | |||
r-devel-windows-x86_64 | 0.1.9 | 6.00 | 222.00 | 228.00 | OK | |
r-patched-linux-x86_64 | 0.1.9 | 3.06 | 257.47 | 260.53 | OK | |
r-release-linux-x86_64 | 0.1.9 | 3.50 | 42.16 | 45.66 | ERROR | |
r-release-macos-arm64 | 0.1.9 | 104.00 | OK | |||
r-release-windows-x86_64 | 0.1.9 | 6.00 | 221.00 | 227.00 | OK | |
r-oldrel-macos-arm64 | 0.1.9 | 95.00 | OK | |||
r-oldrel-macos-x86_64 | 0.1.9 | 153.00 | OK | |||
r-oldrel-windows-x86_64 | 0.1.9 | 6.00 | 280.00 | 286.00 | OK |
Version: 0.1.9
Check: tests
Result: ERROR
Running ‘testthat.R’ [5s/81s]
Running the tests in ‘tests/testthat.R’ failed.
Complete output:
> library(testthat)
> library(covid19us)
>
> test_check("covid19us")
[ FAIL 1 | WARN 0 | SKIP 0 | PASS 1 ]
══ Failed tests ════════════════════════════════════════════════════════════════
── Error ('test-all.R:63:3'): other funs work ──────────────────────────────────
Error in `get_info_covid19us()`: Data service unavailable.
Backtrace:
▆
1. └─covid19us::get_info_covid19us() at test-all.R:63:3
[ FAIL 1 | WARN 0 | SKIP 0 | PASS 1 ]
Error: Test failures
Execution halted
Flavor: r-devel-linux-x86_64-debian-clang
Version: 0.1.9
Check: tests
Result: ERROR
Running ‘testthat.R’ [5s/83s]
Running the tests in ‘tests/testthat.R’ failed.
Complete output:
> library(testthat)
> library(covid19us)
>
> test_check("covid19us")
[ FAIL 1 | WARN 0 | SKIP 0 | PASS 1 ]
══ Failed tests ════════════════════════════════════════════════════════════════
── Error ('test-all.R:63:3'): other funs work ──────────────────────────────────
Error in `get_info_covid19us()`: Data service unavailable.
Backtrace:
▆
1. └─covid19us::get_info_covid19us() at test-all.R:63:3
[ FAIL 1 | WARN 0 | SKIP 0 | PASS 1 ]
Error: Test failures
Execution halted
Flavor: r-release-linux-x86_64
These binaries (installable software) and packages are in development.
They may not be fully stable and should be used with caution. We make no claims about them.
Health stats visible at Monitor.