Last updated on 2025-05-11 11:50:58 CEST.
Flavor | Version | Tinstall | Tcheck | Ttotal | Status | Flags |
---|---|---|---|---|---|---|
r-devel-linux-x86_64-debian-clang | 0.1.4 | 13.30 | 100.58 | 113.88 | NOTE | |
r-devel-linux-x86_64-debian-gcc | 0.1.4 | 9.12 | 75.29 | 84.41 | NOTE | |
r-devel-linux-x86_64-fedora-clang | 0.1.4 | 168.26 | NOTE | |||
r-devel-linux-x86_64-fedora-gcc | 0.1.4 | 169.55 | NOTE | |||
r-devel-windows-x86_64 | 0.1.4 | 14.00 | 104.00 | 118.00 | OK | |
r-patched-linux-x86_64 | 0.1.4 | 13.10 | 94.20 | 107.30 | OK | |
r-release-linux-x86_64 | 0.1.4 | 13.07 | 92.71 | 105.78 | OK | |
r-release-macos-arm64 | 0.1.4 | 49.00 | OK | |||
r-release-macos-x86_64 | 0.1.4 | 86.00 | OK | |||
r-release-windows-x86_64 | 0.1.4 | 16.00 | 106.00 | 122.00 | OK | |
r-oldrel-macos-arm64 | 0.1.4 | 45.00 | OK | |||
r-oldrel-macos-x86_64 | 0.1.4 | 80.00 | OK | |||
r-oldrel-windows-x86_64 | 0.1.4 | 20.00 | 128.00 | 148.00 | OK |
Version: 0.1.4
Check: CRAN incoming feasibility
Result: NOTE
Maintainer: ‘Max Salvatore <mmsalva@umich.edu>’
Found the following (possibly) invalid file URI:
URI: twitter.com/MaxSalTweets
From: README.md
Flavors: r-devel-linux-x86_64-debian-clang, r-devel-linux-x86_64-debian-gcc
Version: 0.1.4
Check: dependencies in R code
Result: NOTE
Namespaces in Imports field not imported from:
‘httr’ ‘stringr’
All declared Imports should be used.
Flavors: r-devel-linux-x86_64-fedora-clang, r-devel-linux-x86_64-fedora-gcc
These binaries (installable software) and packages are in development.
They may not be fully stable and should be used with caution. We make no claims about them.
Health stats visible at Monitor.