CRAN Package Check Results for Package covid19.analytics

Last updated on 2025-05-15 11:49:58 CEST.

Flavor Version Tinstall Tcheck Ttotal Status Flags
r-devel-linux-x86_64-debian-clang 2.1.3.3 13.36 300.02 313.38 NOTE
r-devel-linux-x86_64-debian-gcc 2.1.3.3 8.04 187.92 195.96 NOTE
r-devel-linux-x86_64-fedora-clang 2.1.3.3 518.79 OK
r-devel-linux-x86_64-fedora-gcc 2.1.3.3 514.56 OK
r-devel-windows-x86_64 2.1.3.3 15.00 262.00 277.00 OK
r-patched-linux-x86_64 2.1.3.3 14.55 270.56 285.11 OK
r-release-linux-x86_64 2.1.3.3 12.15 272.27 284.42 OK
r-release-macos-arm64 2.1.3.3 137.00 OK
r-release-macos-x86_64 2.1.3.3 240.00 OK
r-release-windows-x86_64 2.1.3.3 15.00 272.00 287.00 OK
r-oldrel-macos-arm64 2.1.3.3 139.00 NOTE
r-oldrel-macos-x86_64 2.1.3.3 204.00 NOTE
r-oldrel-windows-x86_64 2.1.3.3 21.00 326.00 347.00 NOTE

Check Details

Version: 2.1.3.3
Check: CRAN incoming feasibility
Result: NOTE Maintainer: ‘Marcelo Ponce <m.ponce@utoronto.ca>’ No Authors@R field in DESCRIPTION. Please add one, modifying Authors@R: c(person(given = "Marcelo", family = "Ponce", role = c("aut", "cre"), email = "m.ponce@utoronto.ca"), person(given = "Amit", family = "Sandhel", role = "ctb")) as necessary. Flavors: r-devel-linux-x86_64-debian-clang, r-devel-linux-x86_64-debian-gcc

Version: 2.1.3.3
Check: installed package size
Result: NOTE installed size is 5.1Mb sub-directories of 1Mb or more: doc 1.6Mb extdata 2.6Mb Flavors: r-oldrel-macos-arm64, r-oldrel-macos-x86_64, r-oldrel-windows-x86_64

These binaries (installable software) and packages are in development.
They may not be fully stable and should be used with caution. We make no claims about them.
Health stats visible at Monitor.