Last updated on 2025-10-30 19:53:21 CET.
| Flavor | Version | Tinstall | Tcheck | Ttotal | Status | Flags | 
|---|---|---|---|---|---|---|
| r-devel-linux-x86_64-debian-clang | 0.1.0 | 2.16 | 26.21 | 28.37 | NOTE | |
| r-devel-linux-x86_64-debian-gcc | 0.1.0 | 1.60 | 21.85 | 23.45 | NOTE | |
| r-devel-linux-x86_64-fedora-clang | 0.1.0 | 38.76 | NOTE | |||
| r-devel-linux-x86_64-fedora-gcc | 0.1.0 | 37.97 | NOTE | |||
| r-devel-windows-x86_64 | 0.1.0 | 3.00 | 43.00 | 46.00 | OK | |
| r-patched-linux-x86_64 | 0.1.0 | 2.11 | 24.27 | 26.38 | NOTE | |
| r-release-linux-x86_64 | 0.1.0 | 2.30 | 24.18 | 26.48 | NOTE | |
| r-release-macos-arm64 | 0.1.0 | 2.00 | 18.00 | 20.00 | OK | |
| r-release-macos-x86_64 | 0.1.0 | 2.00 | 26.00 | 28.00 | OK | |
| r-release-windows-x86_64 | 0.1.0 | 3.00 | 45.00 | 48.00 | OK | |
| r-oldrel-macos-arm64 | 0.1.0 | 2.00 | 16.00 | 18.00 | OK | |
| r-oldrel-macos-x86_64 | 0.1.0 | 2.00 | 25.00 | 27.00 | OK | |
| r-oldrel-windows-x86_64 | 0.1.0 | 4.00 | 49.00 | 53.00 | OK | 
Version: 0.1.0
Check: CRAN incoming feasibility
Result: NOTE
  Maintainer: ‘Michael Kirchner <michael@kirchner.io>’
  
  No Authors@R field in DESCRIPTION.
  Please add one, modifying
    Authors@R: person(given = "Michael",
                      family = "Kirchner",
                      role = c("aut", "cre"),
                      email = "michael@kirchner.io")
  as necessary.
Flavors: r-devel-linux-x86_64-debian-clang, r-devel-linux-x86_64-debian-gcc
Version: 0.1.0
Check: for non-standard things in the check directory
Result: NOTE
  Found the following files/directories:
    ‘covfefe_inauguration.txt’
Flavors: r-devel-linux-x86_64-debian-clang, r-devel-linux-x86_64-debian-gcc, r-devel-linux-x86_64-fedora-clang, r-devel-linux-x86_64-fedora-gcc, r-patched-linux-x86_64, r-release-linux-x86_64
These binaries (installable software) and packages are in development.
They may not be fully stable and should be used with caution. We make no claims about them.
Health stats visible at Monitor.