CRAN Package Check Results for Package covTestR

Last updated on 2025-05-17 15:50:39 CEST.

Flavor Version Tinstall Tcheck Ttotal Status Flags
r-devel-linux-x86_64-debian-clang 0.1.4 112.67 32.02 144.69 NOTE
r-devel-linux-x86_64-debian-gcc 0.1.4 74.89 24.10 98.99 NOTE
r-devel-linux-x86_64-fedora-clang 0.1.4 291.14 NOTE
r-devel-linux-x86_64-fedora-gcc 0.1.4 282.08 NOTE
r-devel-windows-x86_64 0.1.4 132.00 79.00 211.00 NOTE
r-patched-linux-x86_64 0.1.4 108.97 30.20 139.17 NOTE
r-release-linux-x86_64 0.1.4 107.93 30.41 138.34 NOTE
r-release-macos-arm64 0.1.4 73.00 NOTE
r-release-macos-x86_64 0.1.4 81.00 NOTE
r-release-windows-x86_64 0.1.4 134.00 75.00 209.00 NOTE
r-oldrel-macos-arm64 0.1.4 64.00 NOTE
r-oldrel-macos-x86_64 0.1.4 64.00 NOTE
r-oldrel-windows-x86_64 0.1.4 153.00 87.00 240.00 NOTE

Check Details

Version: 0.1.4
Check: CRAN incoming feasibility
Result: NOTE Maintainer: ‘Ben Barnard <ben_barnard@outlook.com>’ Found the following URLs which should use \doi (with the DOI name only): File ‘covTestR-package.Rd’: http://doi.org/10.1016/j.csda.2007.03.004 http://doi.org/10.1016/j.jmva.2010.07.004 File ‘homogeneityStatistics.Rd’: http://doi.org/10.1080/15598608.2017.1308895 http://doi.org/10.3923/jas.2013.270.277 http://doi.org/10.1016/j.jspi.2015.10.007 http://doi.org/10.1016/S0378-3758(00)00209-3 http://doi.org/10.1016/j.csda.2007.03.004 http://doi.org/10.1016/j.jmva.2014.06.003 http://doi.org/10.1016/j.jmva.2009.12.010 File ‘structureStatistics.Rd’: http://doi.org/10.1080/00949655.2014.948441 http://doi.org/10.1198/jasa.2010.tm09560 http://doi.org/10.1016/j.jspi.2011.07.019 http://doi.org/10.1214/aos/1031689018 http://doi.org/10.14490/jjss.35.251 http://doi.org/10.1016/j.jmva.2011.03.003 Flavors: r-devel-linux-x86_64-debian-clang, r-devel-linux-x86_64-debian-gcc

Version: 0.1.4
Check: C++ specification
Result: NOTE Specified C++11: please drop specification unless essential Flavors: r-devel-linux-x86_64-debian-clang, r-devel-linux-x86_64-debian-gcc, r-devel-linux-x86_64-fedora-clang, r-devel-linux-x86_64-fedora-gcc, r-devel-windows-x86_64, r-patched-linux-x86_64, r-release-linux-x86_64, r-release-macos-arm64, r-release-macos-x86_64, r-release-windows-x86_64, r-oldrel-macos-arm64, r-oldrel-macos-x86_64, r-oldrel-windows-x86_64

Version: 0.1.4
Check: LazyData
Result: NOTE 'LazyData' is specified without a 'data' directory Flavors: r-oldrel-macos-arm64, r-oldrel-macos-x86_64, r-oldrel-windows-x86_64

These binaries (installable software) and packages are in development.
They may not be fully stable and should be used with caution. We make no claims about them.
Health stats visible at Monitor.