CRAN Package Check Results for Package countts

Last updated on 2025-05-15 07:49:36 CEST.

Flavor Version Tinstall Tcheck Ttotal Status Flags
r-devel-linux-x86_64-debian-clang 0.1.0 6.01 53.69 59.70 NOTE
r-devel-linux-x86_64-debian-gcc 0.1.0 4.04 36.90 40.94 NOTE
r-devel-linux-x86_64-fedora-clang 0.1.0 93.60 OK
r-devel-linux-x86_64-fedora-gcc 0.1.0 91.08 OK
r-devel-windows-x86_64 0.1.0 8.00 66.00 74.00 OK
r-patched-linux-x86_64 0.1.0 5.47 49.21 54.68 OK
r-release-linux-x86_64 0.1.0 5.01 49.74 54.75 OK
r-release-macos-arm64 0.1.0 32.00 OK
r-release-macos-x86_64 0.1.0 47.00 OK
r-release-windows-x86_64 0.1.0 7.00 65.00 72.00 OK
r-oldrel-macos-arm64 0.1.0 27.00 OK
r-oldrel-macos-x86_64 0.1.0 44.00 OK
r-oldrel-windows-x86_64 0.1.0 8.00 82.00 90.00 OK

Check Details

Version: 0.1.0
Check: CRAN incoming feasibility
Result: NOTE Maintainer: ‘Tanujit Chakraborty <tanujitisi@gmail.com>’ The Description field contains is based on the algorithms by Liu et al. (2023) <arXiv:2311.14359>. Please refer to arXiv e-prints via their arXiv DOI <doi:10.48550/arXiv.YYMM.NNNNN>. Flavors: r-devel-linux-x86_64-debian-clang, r-devel-linux-x86_64-debian-gcc

These binaries (installable software) and packages are in development.
They may not be fully stable and should be used with caution. We make no claims about them.
Health stats visible at Monitor.