CRAN Package Check Results for Package countTransformers

Last updated on 2025-05-15 11:49:58 CEST.

Flavor Version Tinstall Tcheck Ttotal Status Flags
r-devel-linux-x86_64-debian-clang 0.0.6 4.56 44.07 48.63 NOTE
r-devel-linux-x86_64-debian-gcc 0.0.6 3.97 32.74 36.71 NOTE
r-devel-linux-x86_64-fedora-clang 0.0.6 75.36 OK
r-devel-linux-x86_64-fedora-gcc 0.0.6 73.56 OK
r-devel-windows-x86_64 0.0.6 6.00 61.00 67.00 OK
r-patched-linux-x86_64 0.0.6 4.98 41.56 46.54 OK
r-release-linux-x86_64 0.0.6 4.64 42.19 46.83 OK
r-release-macos-arm64 0.0.6 27.00 OK
r-release-macos-x86_64 0.0.6 43.00 OK
r-release-windows-x86_64 0.0.6 5.00 60.00 65.00 OK
r-oldrel-macos-arm64 0.0.6 23.00 OK
r-oldrel-macos-x86_64 0.0.6 35.00 OK
r-oldrel-windows-x86_64 0.0.6 5.00 69.00 74.00 OK

Check Details

Version: 0.0.6
Check: CRAN incoming feasibility
Result: NOTE Maintainer: ‘Zeyu Zhang <zhzyvv@gmail.com>’ The Description field contains CP, Weiss ST, Qiu W. (2019) <doi.org/10.1038/s41598-019-41315-w>. Please write DOIs as <doi:prefix/suffix>. Flavors: r-devel-linux-x86_64-debian-clang, r-devel-linux-x86_64-debian-gcc

These binaries (installable software) and packages are in development.
They may not be fully stable and should be used with caution. We make no claims about them.
Health stats visible at Monitor.