Last updated on 2025-02-23 13:51:07 CET.
Flavor | Version | Tinstall | Tcheck | Ttotal | Status | Flags |
---|---|---|---|---|---|---|
r-devel-linux-x86_64-debian-clang | 2.1.0 | 12.67 | 170.60 | 183.27 | OK | |
r-devel-linux-x86_64-debian-gcc | 2.1.0 | 8.68 | 114.79 | 123.47 | OK | |
r-devel-linux-x86_64-fedora-clang | 2.1.0 | 288.78 | ERROR | |||
r-devel-linux-x86_64-fedora-gcc | 2.1.0 | 299.13 | ERROR | |||
r-devel-macos-arm64 | 2.1.0 | 91.00 | OK | |||
r-devel-macos-x86_64 | 2.1.0 | 205.00 | OK | |||
r-devel-windows-x86_64 | 2.1.0 | 17.00 | 165.00 | 182.00 | OK | |
r-patched-linux-x86_64 | 2.1.0 | 15.16 | 155.42 | 170.58 | OK | |
r-release-linux-x86_64 | 2.1.0 | 14.08 | 155.84 | 169.92 | OK | |
r-release-macos-arm64 | 2.1.0 | 72.00 | OK | |||
r-release-macos-x86_64 | 2.1.0 | 127.00 | OK | |||
r-release-windows-x86_64 | 2.1.0 | 16.00 | 165.00 | 181.00 | OK | |
r-oldrel-macos-arm64 | 2.1.0 | 91.00 | OK | |||
r-oldrel-macos-x86_64 | 2.1.0 | 149.00 | OK | |||
r-oldrel-windows-x86_64 | 2.1.0 | 20.00 | 197.00 | 217.00 | OK |
Version: 2.1.0
Check: re-building of vignette outputs
Result: ERROR
Error(s) in re-building vignettes:
--- re-building ‘cosa_tutorial.Rmd’ using rmarkdown
** Processing: /data/gannet/ripley/R/packages/tests-clang/cosa.Rcheck/vign_test/cosa/vignettes/cosa_tutorial_files/figure-html/unnamed-chunk-2-1.png
672x480 pixels, 3x8 bits/pixel, RGB
Input IDAT size = 45045 bytes
Input file size = 45183 bytes
Trying:
zc = 9 zm = 8 zs = 0 f = 0 IDAT size = 35157
zc = 9 zm = 8 zs = 1 f = 0
zc = 1 zm = 8 zs = 2 f = 0
zc = 9 zm = 8 zs = 3 f = 0
zc = 9 zm = 8 zs = 0 f = 5
zc = 9 zm = 8 zs = 1 f = 5
zc = 1 zm = 8 zs = 2 f = 5
zc = 9 zm = 8 zs = 3 f = 5
Selecting parameters:
zc = 9 zm = 8 zs = 0 f = 0 IDAT size = 35157
Output IDAT size = 35157 bytes (9888 bytes decrease)
Output file size = 35235 bytes (9948 bytes = 22.02% decrease)
Quitting from lines 90-114 [unnamed-chunk-3] (cosa_tutorial.Rmd)
Error: processing vignette 'cosa_tutorial.Rmd' failed with diagnostics:
Solution is not feasible. Change default settings
--- failed re-building ‘cosa_tutorial.Rmd’
SUMMARY: processing the following file failed:
‘cosa_tutorial.Rmd’
Error: Vignette re-building failed.
Execution halted
Flavor: r-devel-linux-x86_64-fedora-clang
Version: 2.1.0
Check: re-building of vignette outputs
Result: ERROR
Error(s) in re-building vignettes:
--- re-building ‘cosa_tutorial.Rmd’ using rmarkdown
** Processing: /data/gannet/ripley/R/packages/tests-devel/cosa.Rcheck/vign_test/cosa/vignettes/cosa_tutorial_files/figure-html/unnamed-chunk-2-1.png
672x480 pixels, 3x8 bits/pixel, RGB
Input IDAT size = 45045 bytes
Input file size = 45183 bytes
Trying:
zc = 9 zm = 8 zs = 0 f = 0 IDAT size = 35157
zc = 9 zm = 8 zs = 1 f = 0
zc = 1 zm = 8 zs = 2 f = 0
zc = 9 zm = 8 zs = 3 f = 0
zc = 9 zm = 8 zs = 0 f = 5
zc = 9 zm = 8 zs = 1 f = 5
zc = 1 zm = 8 zs = 2 f = 5
zc = 9 zm = 8 zs = 3 f = 5
Selecting parameters:
zc = 9 zm = 8 zs = 0 f = 0 IDAT size = 35157
Output IDAT size = 35157 bytes (9888 bytes decrease)
Output file size = 35235 bytes (9948 bytes = 22.02% decrease)
Quitting from lines 90-114 [unnamed-chunk-3] (cosa_tutorial.Rmd)
Error: processing vignette 'cosa_tutorial.Rmd' failed with diagnostics:
Solution is not feasible. Change default settings
--- failed re-building ‘cosa_tutorial.Rmd’
SUMMARY: processing the following file failed:
‘cosa_tutorial.Rmd’
Error: Vignette re-building failed.
Execution halted
Flavor: r-devel-linux-x86_64-fedora-gcc
These binaries (installable software) and packages are in development.
They may not be fully stable and should be used with caution. We make no claims about them.
Health stats visible at Monitor.