Last updated on 2024-05-02 08:01:37 CEST.
Flavor | Version | Tinstall | Tcheck | Ttotal | Status | Flags |
---|---|---|---|---|---|---|
r-devel-linux-x86_64-debian-clang | 1.0.0 | 5.73 | 51.88 | 57.61 | OK | |
r-devel-linux-x86_64-debian-gcc | 1.0.0 | 4.08 | 38.84 | 42.92 | OK | |
r-devel-linux-x86_64-fedora-clang | 1.0.0 | 73.43 | OK | |||
r-devel-linux-x86_64-fedora-gcc | 1.0.0 | 86.95 | OK | |||
r-devel-windows-x86_64 | 1.0.0 | 6.00 | 60.00 | 66.00 | OK | |
r-patched-linux-x86_64 | 1.0.0 | 8.52 | 47.99 | 56.51 | OK | |
r-release-linux-x86_64 | 1.0.0 | 4.88 | 47.63 | 52.51 | OK | |
r-release-macos-arm64 | 1.0.0 | 33.00 | OK | |||
r-release-macos-x86_64 | 1.0.0 | 64.00 | OK | |||
r-release-windows-x86_64 | 1.0.0 | 6.00 | 60.00 | 66.00 | OK | |
r-oldrel-macos-arm64 | 1.0.0 | 36.00 | NOTE | |||
r-oldrel-macos-x86_64 | 1.0.0 | 71.00 | OK | |||
r-oldrel-windows-x86_64 | 1.0.0 | 7.00 | 63.00 | 70.00 | OK |
Version: 1.0.0
Check: R code for possible problems
Result: NOTE
fishp: no visible binding for global variable ‘markname’
fishp: no visible binding for global variable ‘sum_chisq’
fishp: no visible binding for global variable ‘sum_z’
pvalues_to_zscores: no visible binding for global variable ‘markname’
tetracorr: no visible binding for global variable ‘PLCORR’
Undefined global functions or variables:
PLCORR markname sum_chisq sum_z
Flavor: r-oldrel-macos-arm64
These binaries (installable software) and packages are in development.
They may not be fully stable and should be used with caution. We make no claims about them.
Health stats visible at Monitor.