Last updated on 2025-05-17 13:49:33 CEST.
Flavor | Version | Tinstall | Tcheck | Ttotal | Status | Flags |
---|---|---|---|---|---|---|
r-devel-linux-x86_64-debian-clang | 1.3.3 | 29.72 | 283.15 | 312.87 | NOTE | |
r-devel-linux-x86_64-debian-gcc | 1.3.3 | 16.99 | 189.04 | 206.03 | NOTE | |
r-devel-linux-x86_64-fedora-clang | 1.3.3 | 495.64 | NOTE | |||
r-devel-linux-x86_64-fedora-gcc | 1.3.3 | 509.30 | NOTE | |||
r-devel-windows-x86_64 | 1.3.3 | 26.00 | 244.00 | 270.00 | NOTE | |
r-patched-linux-x86_64 | 1.3.3 | 26.28 | 266.67 | 292.95 | NOTE | |
r-release-linux-x86_64 | 1.3.3 | 26.24 | 272.29 | 298.53 | NOTE | |
r-release-macos-arm64 | 1.3.3 | 120.00 | NOTE | |||
r-release-macos-x86_64 | 1.3.3 | 250.00 | NOTE | |||
r-release-windows-x86_64 | 1.3.3 | 26.00 | 237.00 | 263.00 | NOTE | |
r-oldrel-macos-arm64 | 1.3.3 | 113.00 | NOTE | |||
r-oldrel-macos-x86_64 | 1.3.3 | 199.00 | NOTE | |||
r-oldrel-windows-x86_64 | 1.3.3 | 35.00 | 306.00 | 341.00 | WARN |
Version: 1.3.3
Check: Rd files
Result: NOTE
checkRd: (-1) getSurface.Rd:22: Lost braces
22 | value \code{getSurface} shortens the output of \code{conv} to remove artificial surface layers. The output is thus a subset of the input, and identical in structure to the /code{conv} output.
| ^
Flavors: r-devel-linux-x86_64-debian-clang, r-devel-linux-x86_64-debian-gcc, r-devel-linux-x86_64-fedora-clang, r-devel-linux-x86_64-fedora-gcc, r-devel-windows-x86_64, r-patched-linux-x86_64, r-release-linux-x86_64, r-release-macos-arm64, r-release-macos-x86_64, r-release-windows-x86_64, r-oldrel-macos-arm64, r-oldrel-macos-x86_64, r-oldrel-windows-x86_64
Version: 1.3.3
Check: whether the namespace can be loaded with stated dependencies
Result: WARN
A namespace must be able to be loaded with just the base namespace
loaded: otherwise if the namespace gets loaded by a saved object, the
session will be unable to start.
Probably some imports need to be declared in the NAMESPACE file.
Flavor: r-oldrel-windows-x86_64
These binaries (installable software) and packages are in development.
They may not be fully stable and should be used with caution. We make no claims about them.
Health stats visible at Monitor.