Last updated on 2025-02-23 19:51:02 CET.
Flavor | Version | Tinstall | Tcheck | Ttotal | Status | Flags |
---|---|---|---|---|---|---|
r-devel-linux-x86_64-debian-clang | 1.3.3 | 28.05 | 277.67 | 305.72 | NOTE | |
r-devel-linux-x86_64-debian-gcc | 1.3.3 | 19.15 | 180.59 | 199.74 | NOTE | |
r-devel-linux-x86_64-fedora-clang | 1.3.3 | 540.98 | NOTE | |||
r-devel-linux-x86_64-fedora-gcc | 1.3.3 | 518.21 | NOTE | |||
r-devel-macos-arm64 | 1.3.3 | 115.00 | NOTE | |||
r-devel-macos-x86_64 | 1.3.3 | 249.00 | NOTE | |||
r-devel-windows-x86_64 | 1.3.3 | 25.00 | 229.00 | 254.00 | NOTE | |
r-patched-linux-x86_64 | 1.3.3 | 26.23 | 259.26 | 285.49 | NOTE | |
r-release-linux-x86_64 | 1.3.3 | 25.21 | 262.38 | 287.59 | NOTE | |
r-release-macos-arm64 | 1.3.3 | 113.00 | NOTE | |||
r-release-macos-x86_64 | 1.3.3 | 199.00 | NOTE | |||
r-release-windows-x86_64 | 1.3.3 | 24.00 | 230.00 | 254.00 | NOTE | |
r-oldrel-macos-arm64 | 1.3.3 | 123.00 | OK | |||
r-oldrel-macos-x86_64 | 1.3.3 | 222.00 | OK | |||
r-oldrel-windows-x86_64 | 1.3.3 | 37.00 | 302.00 | 339.00 | OK |
Version: 1.3.3
Check: Rd files
Result: NOTE
checkRd: (-1) getSurface.Rd:22: Lost braces
22 | value \code{getSurface} shortens the output of \code{conv} to remove artificial surface layers. The output is thus a subset of the input, and identical in structure to the /code{conv} output.
| ^
Flavors: r-devel-linux-x86_64-debian-clang, r-devel-linux-x86_64-debian-gcc, r-devel-linux-x86_64-fedora-clang, r-devel-linux-x86_64-fedora-gcc, r-devel-macos-arm64, r-devel-macos-x86_64, r-devel-windows-x86_64, r-patched-linux-x86_64, r-release-linux-x86_64, r-release-macos-arm64, r-release-macos-x86_64, r-release-windows-x86_64
These binaries (installable software) and packages are in development.
They may not be fully stable and should be used with caution. We make no claims about them.
Health stats visible at Monitor.