CRAN Package Check Results for Package copulaboost

Last updated on 2025-05-17 15:50:39 CEST.

Flavor Version Tinstall Tcheck Ttotal Status Flags
r-devel-linux-x86_64-debian-clang 0.1.0 3.05 22.70 25.75 NOTE
r-devel-linux-x86_64-debian-gcc 0.1.0 1.90 17.28 19.18 NOTE
r-devel-linux-x86_64-fedora-clang 0.1.0 40.81 OK
r-devel-linux-x86_64-fedora-gcc 0.1.0 39.61 OK
r-devel-windows-x86_64 0.1.0 5.00 45.00 50.00 OK
r-patched-linux-x86_64 0.1.0 2.75 22.05 24.80 OK
r-release-linux-x86_64 0.1.0 2.43 22.05 24.48 OK
r-release-macos-arm64 0.1.0 21.00 OK
r-release-macos-x86_64 0.1.0 39.00 OK
r-release-windows-x86_64 0.1.0 5.00 44.00 49.00 OK
r-oldrel-macos-arm64 0.1.0 17.00 OK
r-oldrel-macos-x86_64 0.1.0 24.00 OK
r-oldrel-windows-x86_64 0.1.0 5.00 49.00 54.00 OK

Check Details

Version: 0.1.0
Check: CRAN incoming feasibility
Result: NOTE Maintainer: ‘Simon Boge Brant <simbrant91@gmail.com>’ The Description field contains via gradient boosting [Brant, Hobæk Haff (2022); <arXiv:2208.04669>]. Please refer to arXiv e-prints via their arXiv DOI <doi:10.48550/arXiv.YYMM.NNNNN>. Flavors: r-devel-linux-x86_64-debian-clang, r-devel-linux-x86_64-debian-gcc

These binaries (installable software) and packages are in development.
They may not be fully stable and should be used with caution. We make no claims about them.
Health stats visible at Monitor.