Last updated on 2025-02-23 19:51:02 CET.
Flavor | Version | Tinstall | Tcheck | Ttotal | Status | Flags |
---|---|---|---|---|---|---|
r-devel-linux-x86_64-debian-clang | 1.1-5 | 49.35 | 696.28 | 745.63 | OK | |
r-devel-linux-x86_64-debian-gcc | 1.1-5 | 32.37 | 474.34 | 506.71 | OK | |
r-devel-linux-x86_64-fedora-clang | 1.1-5 | 1225.77 | OK | |||
r-devel-linux-x86_64-fedora-gcc | 1.1-5 | 1167.32 | OK | |||
r-devel-macos-arm64 | 1.1-5 | 232.00 | OK | |||
r-devel-macos-x86_64 | 1.1-5 | 530.00 | OK | |||
r-devel-windows-x86_64 | 1.1-5 | 52.00 | 410.00 | 462.00 | OK | --no-vignettes |
r-patched-linux-x86_64 | 1.1-5 | 45.84 | 659.26 | 705.10 | OK | |
r-release-linux-x86_64 | 1.1-5 | 40.78 | 657.94 | 698.72 | OK | |
r-release-macos-arm64 | 1.1-5 | 295.00 | NOTE | |||
r-release-macos-x86_64 | 1.1-5 | 699.00 | NOTE | |||
r-release-windows-x86_64 | 1.1-5 | 53.00 | 415.00 | 468.00 | NOTE | --no-vignettes |
r-oldrel-macos-arm64 | 1.1-4 | 511.00 | NOTE | |||
r-oldrel-macos-x86_64 | 1.1-5 | 662.00 | NOTE | |||
r-oldrel-windows-x86_64 | 1.1-5 | 55.00 | 464.00 | 519.00 | NOTE | --no-vignettes |
Version: 1.1-5
Check: installed package size
Result: NOTE
installed size is 7.8Mb
sub-directories of 1Mb or more:
R 2.4Mb
doc 3.2Mb
Flavors: r-release-macos-arm64, r-release-macos-x86_64, r-oldrel-macos-x86_64
Version: 1.1-5
Flags: --no-vignettes
Check: installed package size
Result: NOTE
installed size is 7.3Mb
sub-directories of 1Mb or more:
R 2.1Mb
doc 3.2Mb
Flavors: r-release-windows-x86_64, r-oldrel-windows-x86_64
Version: 1.1-4
Check: installed package size
Result: NOTE
installed size is 7.8Mb
sub-directories of 1Mb or more:
R 2.4Mb
doc 3.2Mb
Flavor: r-oldrel-macos-arm64
These binaries (installable software) and packages are in development.
They may not be fully stable and should be used with caution. We make no claims about them.
Health stats visible at Monitor.