Last updated on 2025-05-15 07:49:36 CEST.
Flavor | Version | Tinstall | Tcheck | Ttotal | Status | Flags |
---|---|---|---|---|---|---|
r-devel-linux-x86_64-debian-clang | 2.0-4 | 26.51 | 49.11 | 75.62 | NOTE | |
r-devel-linux-x86_64-debian-gcc | 2.0-4 | 16.47 | 35.51 | 51.98 | NOTE | |
r-devel-linux-x86_64-fedora-clang | 2.0-4 | 127.11 | NOTE | |||
r-devel-linux-x86_64-fedora-gcc | 2.0-4 | 122.06 | NOTE | |||
r-devel-windows-x86_64 | 2.0-4 | 31.00 | 79.00 | 110.00 | NOTE | |
r-patched-linux-x86_64 | 2.0-4 | 22.42 | 46.30 | 68.72 | NOTE | |
r-release-linux-x86_64 | 2.0-4 | 24.01 | 46.31 | 70.32 | NOTE | |
r-release-macos-arm64 | 2.0-4 | 41.00 | NOTE | |||
r-release-macos-x86_64 | 2.0-4 | 67.00 | NOTE | |||
r-release-windows-x86_64 | 2.0-4 | 32.00 | 80.00 | 112.00 | NOTE | |
r-oldrel-macos-arm64 | 2.0-4 | 36.00 | NOTE | |||
r-oldrel-macos-x86_64 | 2.0-4 | 56.00 | NOTE | |||
r-oldrel-windows-x86_64 | 2.0-4 | 35.00 | 96.00 | 131.00 | NOTE |
Version: 2.0-4
Check: CRAN incoming feasibility
Result: NOTE
Maintainer: ‘John Hughes <drjphughesjr@gmail.com>’
No Authors@R field in DESCRIPTION.
Please add one, modifying
Authors@R: c(person(given = "Emily",
family = "Goren",
role = "aut",
email = "emily.goren@gmail.com"),
person(given = "John",
family = "Hughes",
role = c("aut", "cre"),
email = "drjphughesjr@gmail.com"))
as necessary.
Package CITATION file contains call(s) to old-style personList() or
as.personList(). Please use c() on person objects instead.
Package CITATION file contains call(s) to old-style citEntry(). Please
use bibentry() instead.
Flavors: r-devel-linux-x86_64-debian-clang, r-devel-linux-x86_64-debian-gcc
Version: 2.0-4
Check: Rd files
Result: NOTE
checkRd: (-1) copCAR.Rd:40: Lost braces
40 | item{\code{maxit}}{the maximum number of iterations to be used by \code{\link{optim}} when optimizing the objective function. Defaults to \code{1000}.}
| ^
checkRd: (-1) copCAR.Rd:40: Lost braces
40 | item{\code{maxit}}{the maximum number of iterations to be used by \code{\link{optim}} when optimizing the objective function. Defaults to \code{1000}.}
| ^
Flavors: r-devel-linux-x86_64-debian-clang, r-devel-linux-x86_64-debian-gcc, r-devel-linux-x86_64-fedora-clang, r-devel-linux-x86_64-fedora-gcc, r-devel-windows-x86_64, r-patched-linux-x86_64, r-release-linux-x86_64, r-release-macos-arm64, r-release-macos-x86_64, r-release-windows-x86_64, r-oldrel-macos-arm64, r-oldrel-macos-x86_64, r-oldrel-windows-x86_64
These binaries (installable software) and packages are in development.
They may not be fully stable and should be used with caution. We make no claims about them.
Health stats visible at Monitor.