Last updated on 2025-05-15 07:49:36 CEST.
Flavor | Version | Tinstall | Tcheck | Ttotal | Status | Flags |
---|---|---|---|---|---|---|
r-devel-linux-x86_64-debian-clang | 0.1.1 | 11.86 | 84.02 | 95.88 | NOTE | |
r-devel-linux-x86_64-debian-gcc | 0.1.1 | 9.35 | 64.98 | 74.33 | NOTE | |
r-devel-linux-x86_64-fedora-clang | 0.1.1 | 158.07 | OK | |||
r-devel-linux-x86_64-fedora-gcc | 0.1.1 | 155.09 | OK | |||
r-devel-windows-x86_64 | 0.1.1 | 12.00 | 83.00 | 95.00 | OK | |
r-patched-linux-x86_64 | 0.1.1 | 12.12 | 80.91 | 93.03 | OK | |
r-release-linux-x86_64 | 0.1.1 | 11.10 | 80.95 | 92.05 | OK | |
r-release-macos-arm64 | 0.1.1 | 71.00 | OK | |||
r-release-macos-x86_64 | 0.1.1 | 86.00 | OK | |||
r-release-windows-x86_64 | 0.1.1 | 12.00 | 84.00 | 96.00 | OK | |
r-oldrel-macos-arm64 | 0.1.1 | 69.00 | OK | |||
r-oldrel-macos-x86_64 | 0.1.1 | 70.00 | OK | |||
r-oldrel-windows-x86_64 | 0.1.1 | 14.00 | 97.00 | 111.00 | OK |
Version: 0.1.1
Check: CRAN incoming feasibility
Result: NOTE
Maintainer: ‘Zijian Guo <zijguo@stat.rutgers.edu>’
The Description field contains
when the model is known ('Guo and Small' (2016) <arXiv:1602.01051>) and
<arXiv:2010.09922>).
Please refer to arXiv e-prints via their arXiv DOI <doi:10.48550/arXiv.YYMM.NNNNN>.
Flavors: r-devel-linux-x86_64-debian-clang, r-devel-linux-x86_64-debian-gcc
These binaries (installable software) and packages are in development.
They may not be fully stable and should be used with caution. We make no claims about them.
Health stats visible at Monitor.