Last updated on 2025-05-10 23:49:53 CEST.
Flavor | Version | Tinstall | Tcheck | Ttotal | Status | Flags |
---|---|---|---|---|---|---|
r-devel-linux-x86_64-debian-clang | 1.41 | 12.01 | 114.90 | 126.91 | NOTE | |
r-devel-linux-x86_64-debian-gcc | 1.41 | 7.60 | 77.93 | 85.53 | NOTE | |
r-devel-linux-x86_64-fedora-clang | 1.41 | 193.90 | NOTE | |||
r-devel-linux-x86_64-fedora-gcc | 1.41 | 194.28 | NOTE | |||
r-devel-windows-x86_64 | 1.41 | 12.00 | 135.00 | 147.00 | OK | |
r-patched-linux-x86_64 | 1.41 | 9.88 | 109.03 | 118.91 | NOTE | |
r-release-linux-x86_64 | 1.41 | 10.61 | 109.65 | 120.26 | NOTE | |
r-release-macos-arm64 | 1.41 | 48.00 | OK | |||
r-release-macos-x86_64 | 1.41 | 111.00 | OK | |||
r-release-windows-x86_64 | 1.41 | 14.00 | 129.00 | 143.00 | OK | |
r-oldrel-macos-arm64 | 1.41 | 57.00 | OK | |||
r-oldrel-macos-x86_64 | 1.41 | 78.00 | OK | |||
r-oldrel-windows-x86_64 | 1.41 | 15.00 | 158.00 | 173.00 | OK |
Version: 1.41
Check: CRAN incoming feasibility
Result: NOTE
Maintainer: ‘Tomasz Bartlomowicz <tomasz.bartlomowicz@ue.wroc.pl>’
No Authors@R field in DESCRIPTION.
Please add one, modifying
Authors@R: c(person(given = "Andrzej",
family = "Bak",
role = "aut"),
person(given = "Tomasz",
family = "Bartlomowicz",
role = c("aut", "cre"),
email = "andrzej.bak@ue.wroc.pl"),
person(role = "aut",
email = "tomasz.bartlomowicz@ue.wroc.pl"))
as necessary.
Package CITATION file contains call(s) to old-style personList() or
as.personList(). Please use c() on person objects instead.
Package CITATION file contains call(s) to old-style citEntry(). Please
use bibentry() instead.
The URL field contains the following bad parts:
www.r-project.org
The URL field should be a list of URLs separated by commas or
whitespace.
Flavors: r-devel-linux-x86_64-debian-clang, r-devel-linux-x86_64-debian-gcc
Version: 1.41
Check: for non-standard things in the check directory
Result: NOTE
Found the following files/directories:
‘design_names.csv’ ‘design_numbers.csv’
‘encoded_orthogonal_factorial_design.csv’
‘orthogonal_factorial_design.csv’
Flavors: r-devel-linux-x86_64-debian-clang, r-devel-linux-x86_64-debian-gcc, r-devel-linux-x86_64-fedora-clang, r-devel-linux-x86_64-fedora-gcc, r-patched-linux-x86_64, r-release-linux-x86_64
These binaries (installable software) and packages are in development.
They may not be fully stable and should be used with caution. We make no claims about them.
Health stats visible at Monitor.