Last updated on 2025-05-17 09:49:07 CEST.
Flavor | Version | Tinstall | Tcheck | Ttotal | Status | Flags |
---|---|---|---|---|---|---|
r-devel-linux-x86_64-debian-clang | 1.1.1 | 3.38 | 31.35 | 34.73 | NOTE | |
r-devel-linux-x86_64-debian-gcc | 1.1.1 | 2.09 | 23.38 | 25.47 | NOTE | |
r-devel-linux-x86_64-fedora-clang | 1.1.1 | 55.03 | OK | |||
r-devel-linux-x86_64-fedora-gcc | 1.1.1 | 50.62 | OK | |||
r-devel-windows-x86_64 | 1.1.1 | 6.00 | 61.00 | 67.00 | OK | |
r-patched-linux-x86_64 | 1.1.1 | 3.32 | 30.14 | 33.46 | OK | |
r-release-linux-x86_64 | 1.1.1 | 3.21 | 30.24 | 33.45 | OK | |
r-release-macos-arm64 | 1.1.1 | 22.00 | OK | |||
r-release-macos-x86_64 | 1.1.1 | 36.00 | OK | |||
r-release-windows-x86_64 | 1.1.1 | 5.00 | 58.00 | 63.00 | OK | |
r-oldrel-macos-arm64 | 1.1.1 | 24.00 | OK | |||
r-oldrel-macos-x86_64 | 1.1.1 | 38.00 | OK | |||
r-oldrel-windows-x86_64 | 1.1.1 | 6.00 | 62.00 | 68.00 | OK |
Version: 1.1.1
Check: CRAN incoming feasibility
Result: NOTE
Maintainer: ‘Paolo Vergottini <paolo.vergottini@gmail.com>’
The Description field contains
Fontana, and Vantini (2021) <arXiv:2102.06746>, Diquigiovanni, Fontana,
and Vantini (2021) <arXiv:2106.01792>, Solari, and Djordjilovic (2021)
<arXiv:2103.00627>.
Please refer to arXiv e-prints via their arXiv DOI <doi:10.48550/arXiv.YYMM.NNNNN>.
Flavors: r-devel-linux-x86_64-debian-clang, r-devel-linux-x86_64-debian-gcc
These binaries (installable software) and packages are in development.
They may not be fully stable and should be used with caution. We make no claims about them.
Health stats visible at Monitor.