Last updated on 2025-02-23 19:51:02 CET.
Flavor | Version | Tinstall | Tcheck | Ttotal | Status | Flags |
---|---|---|---|---|---|---|
r-devel-linux-x86_64-debian-clang | 0.3.5 | 4.34 | 46.28 | 50.62 | NOTE | |
r-devel-linux-x86_64-debian-gcc | 0.3.5 | 2.80 | 34.83 | 37.63 | NOTE | |
r-devel-linux-x86_64-fedora-clang | 0.3.5 | 79.05 | NOTE | |||
r-devel-linux-x86_64-fedora-gcc | 0.3.5 | 89.27 | NOTE | |||
r-devel-macos-arm64 | 0.3.5 | 40.00 | NOTE | |||
r-devel-macos-x86_64 | 0.3.5 | 74.00 | NOTE | |||
r-devel-windows-x86_64 | 0.3.5 | 5.00 | 81.00 | 86.00 | NOTE | |
r-patched-linux-x86_64 | 0.3.5 | 4.58 | 43.71 | 48.29 | NOTE | |
r-release-linux-x86_64 | 0.3.5 | 3.50 | 43.16 | 46.66 | NOTE | |
r-release-macos-arm64 | 0.3.5 | 34.00 | NOTE | |||
r-release-macos-x86_64 | 0.3.5 | 53.00 | NOTE | |||
r-release-windows-x86_64 | 0.3.5 | 5.00 | 81.00 | 86.00 | NOTE | |
r-oldrel-macos-arm64 | 0.3.5 | 38.00 | NOTE | |||
r-oldrel-macos-x86_64 | 0.3.5 | 48.00 | NOTE | |||
r-oldrel-windows-x86_64 | 0.3.5 | 6.00 | 82.00 | 88.00 | NOTE |
Version: 0.3.5
Check: Rd files
Result: NOTE
checkRd: (-1) parse.extra.Rd:5: Lost braces
5 | \title{Parse the configuration {{var}} format, and replace it by extra.list values}
| ^
checkRd: (-1) parse.extra.Rd:40: Lost braces
40 | Parse the configuration {{var}} format, and replace it by extra.list values
| ^
checkRd: (-1) parse.extra.Rd:21: Lost braces
21 | \item{extra.list}{A list that can replace the configuration file '{{debug}}' by list(debug = TRUE), and {{debug}} will be setted to TRUE}
| ^
checkRd: (-1) parse.extra.Rd:21: Lost braces
21 | \item{extra.list}{A list that can replace the configuration file '{{debug}}' by list(debug = TRUE), and {{debug}} will be setted to TRUE}
| ^
checkRd: (-1) parse.extra.Rd:23: Lost braces
23 | \item{other.config}{Path of another configuration file that can replace the configuration file '{{key:value}}'}
| ^
checkRd: (-1) parse.extra.Rd:29: Lost braces
29 | \item{glue.parse}{Logical wheather parse '!!glue{1:5}' in config to ['1','2','3','4','5'];
| ^
checkRd: (-1) read.config.Rd:25: Lost braces
25 | \item{extra.list}{A list that can replace the configuration file '{{debug}}' by list(debug = 'TRUE'),
| ^
checkRd: (-1) read.config.Rd:26: Lost braces
26 | and {{debug}} will be setted to 'TRUE'}
| ^
checkRd: (-1) read.config.Rd:28: Lost braces
28 | \item{other.config}{Path of another configuration file that can replace the configuration file '{{key:value}}'}
| ^
checkRd: (-1) read.config.Rd:34: Lost braces
34 | \item{glue.parse}{Logical wheather parse '!!glue{1:5}' in config to ['1','2','3','4','5'];
| ^
Flavors: r-devel-linux-x86_64-debian-clang, r-devel-linux-x86_64-debian-gcc, r-devel-linux-x86_64-fedora-clang, r-devel-linux-x86_64-fedora-gcc, r-devel-macos-arm64, r-devel-macos-x86_64, r-devel-windows-x86_64, r-patched-linux-x86_64, r-release-linux-x86_64, r-release-macos-arm64, r-release-macos-x86_64, r-release-windows-x86_64
Version: 0.3.5
Check: LazyData
Result: NOTE
'LazyData' is specified without a 'data' directory
Flavors: r-patched-linux-x86_64, r-release-linux-x86_64, r-release-macos-arm64, r-release-macos-x86_64, r-release-windows-x86_64, r-oldrel-macos-arm64, r-oldrel-macos-x86_64, r-oldrel-windows-x86_64
These binaries (installable software) and packages are in development.
They may not be fully stable and should be used with caution. We make no claims about them.
Health stats visible at Monitor.