CRAN Package Check Results for Package condMVNorm

Last updated on 2025-02-23 19:51:02 CET.

Flavor Version Tinstall Tcheck Ttotal Status Flags
r-devel-linux-x86_64-debian-clang 2020.1 1.62 16.81 18.43 NOTE
r-devel-linux-x86_64-debian-gcc 2020.1 1.24 14.11 15.35 NOTE
r-devel-linux-x86_64-fedora-clang 2020.1 29.49 OK
r-devel-linux-x86_64-fedora-gcc 2020.1 28.25 OK
r-devel-macos-arm64 2020.1 14.00 OK
r-devel-macos-x86_64 2020.1 22.00 OK
r-devel-windows-x86_64 2020.1 3.00 39.00 42.00 NOTE
r-patched-linux-x86_64 2020.1 2.30 16.09 18.39 OK
r-release-linux-x86_64 2020.1 1.63 15.91 17.54 OK
r-release-macos-arm64 2020.1 18.00 OK
r-release-macos-x86_64 2020.1 21.00 OK
r-release-windows-x86_64 2020.1 3.00 39.00 42.00 OK
r-oldrel-macos-arm64 2020.1 17.00 OK
r-oldrel-macos-x86_64 2020.1 22.00 OK
r-oldrel-windows-x86_64 2020.1 3.00 39.00 42.00 OK

Check Details

Version: 2020.1
Check: Rd cross-references
Result: NOTE Found the following Rd file(s) with Rd \link{} targets missing package anchors: cmvnorm.Rd: pmvnorm, dmvnorm, qmvnorm condMVN.Rd: pmvnorm, dmvnorm, qmvnorm pcmvnorm.Rd: GenzBretz, Miwa, TVPACK, pmvnorm Please provide package anchors for all Rd \link{} targets not in the package itself and the base packages. Flavors: r-devel-linux-x86_64-debian-clang, r-devel-linux-x86_64-debian-gcc, r-devel-windows-x86_64

These binaries (installable software) and packages are in development.
They may not be fully stable and should be used with caution. We make no claims about them.
Health stats visible at Monitor.