Last updated on 2025-02-23 15:49:39 CET.
Flavor | Version | Tinstall | Tcheck | Ttotal | Status | Flags |
---|---|---|---|---|---|---|
r-devel-linux-x86_64-debian-clang | 1.0.8 | 6.37 | 62.38 | 68.75 | NOTE | |
r-devel-linux-x86_64-debian-gcc | 1.0.8 | 4.13 | 42.85 | 46.98 | NOTE | |
r-devel-linux-x86_64-fedora-clang | 1.0.8 | 111.60 | NOTE | |||
r-devel-linux-x86_64-fedora-gcc | 1.0.8 | 102.09 | NOTE | |||
r-devel-macos-arm64 | 1.0.8 | 32.00 | NOTE | |||
r-devel-macos-x86_64 | 1.0.8 | 77.00 | NOTE | |||
r-devel-windows-x86_64 | 1.0.8 | 9.00 | 83.00 | 92.00 | NOTE | |
r-patched-linux-x86_64 | 1.0.8 | 6.13 | 57.90 | 64.03 | NOTE | |
r-release-linux-x86_64 | 1.0.8 | 6.36 | 57.40 | 63.76 | NOTE | |
r-release-macos-arm64 | 1.0.8 | 33.00 | NOTE | |||
r-release-macos-x86_64 | 1.0.8 | 49.00 | NOTE | |||
r-release-windows-x86_64 | 1.0.8 | 7.00 | 76.00 | 83.00 | NOTE | |
r-oldrel-macos-arm64 | 1.0.8 | 32.00 | OK | |||
r-oldrel-macos-x86_64 | 1.0.8 | 76.00 | OK | |||
r-oldrel-windows-x86_64 | 1.0.8 | 10.00 | 91.00 | 101.00 | OK |
Version: 1.0.8
Check: Rd files
Result: NOTE
checkRd: (-1) glass.Rd:10: Lost braces
10 | \item{item}{factor}{200 levels - which item the measurements came from}
| ^
checkRd: (-1) glass.Rd:11-12: Lost braces
11 | \item{fragment}{factor}{4 levels - which of the four fragments from each item the observations were made
| ^
checkRd: (-1) glass.Rd:13: Lost braces
13 | \item{logNaO}{numeric}{log of sodium concentration to oxygen concentration}
| ^
checkRd: (-1) glass.Rd:14: Lost braces
14 | \item{logMgO}{numeric}{log of magnesium concentration to oxygen concentration}
| ^
checkRd: (-1) glass.Rd:15: Lost braces
15 | \item{logAlO}{numeric}{log of aluminium concentration to oxygen concentration}
| ^
checkRd: (-1) glass.Rd:16: Lost braces
16 | \item{logSiO}{numeric}{log of silicon concentration to oxygen concentration}
| ^
checkRd: (-1) glass.Rd:17: Lost braces
17 | \item{logKO}{numeric}{log of potassium concentration to oxygen concentration}
| ^
checkRd: (-1) glass.Rd:18: Lost braces
18 | \item{logCaO}{numeric}{log of calcium concentration to oxygen concentration}
| ^
checkRd: (-1) glass.Rd:19: Lost braces
19 | \item{logFeO}{numeric}{log of iron concentration to oxygen concentration}
| ^
Flavors: r-devel-linux-x86_64-debian-clang, r-devel-linux-x86_64-debian-gcc, r-devel-linux-x86_64-fedora-clang, r-devel-linux-x86_64-fedora-gcc, r-devel-macos-arm64, r-devel-macos-x86_64, r-devel-windows-x86_64, r-patched-linux-x86_64, r-release-linux-x86_64, r-release-macos-arm64, r-release-macos-x86_64, r-release-windows-x86_64
These binaries (installable software) and packages are in development.
They may not be fully stable and should be used with caution. We make no claims about them.
Health stats visible at Monitor.