Last updated on 2025-02-02 07:50:06 CET.
Flavor | Version | Tinstall | Tcheck | Ttotal | Status | Flags |
---|---|---|---|---|---|---|
r-devel-linux-x86_64-debian-clang | 0.0-8 | 1.65 | 17.29 | 18.94 | NOTE | |
r-devel-linux-x86_64-debian-gcc | 0.0-8 | 1.53 | 14.07 | 15.60 | NOTE | |
r-devel-linux-x86_64-fedora-clang | 0.0-8 | 32.48 | NOTE | |||
r-devel-linux-x86_64-fedora-gcc | 0.0-8 | 30.29 | NOTE | |||
r-devel-windows-x86_64 | 0.0-8 | 3.00 | 38.00 | 41.00 | NOTE | |
r-patched-linux-x86_64 | 0.0-8 | 1.77 | 16.69 | 18.46 | NOTE | |
r-release-linux-x86_64 | 0.0-8 | 1.59 | 16.67 | 18.26 | NOTE | |
r-release-macos-arm64 | 0.0-8 | 23.00 | NOTE | |||
r-release-macos-x86_64 | 0.0-8 | 20.00 | NOTE | |||
r-release-windows-x86_64 | 0.0-8 | 3.00 | 37.00 | 40.00 | NOTE | |
r-oldrel-macos-arm64 | 0.0-8 | 16.00 | NOTE | |||
r-oldrel-macos-x86_64 | 0.0-8 | 19.00 | NOTE | |||
r-oldrel-windows-x86_64 | 0.0-8 | 3.00 | 37.00 | 40.00 | NOTE |
Version: 0.0-8
Check: DESCRIPTION meta-information
Result: NOTE
Malformed Description field: should contain one or more complete sentences.
Flavors: r-devel-linux-x86_64-debian-clang, r-devel-linux-x86_64-debian-gcc, r-devel-linux-x86_64-fedora-clang, r-devel-linux-x86_64-fedora-gcc, r-devel-windows-x86_64, r-patched-linux-x86_64, r-release-linux-x86_64, r-release-macos-arm64, r-release-macos-x86_64, r-release-windows-x86_64, r-oldrel-macos-arm64, r-oldrel-macos-x86_64, r-oldrel-windows-x86_64
Version: 0.0-8
Check: Rd files
Result: NOTE
checkRd: (-1) xsimplex.Rd:6: Lost braces; missing escapes or markup?
6 | Generates all points on a {p,n} simplex lattice (i.e. a p-part
| ^
Flavors: r-devel-linux-x86_64-debian-clang, r-devel-linux-x86_64-debian-gcc, r-devel-linux-x86_64-fedora-clang, r-devel-linux-x86_64-fedora-gcc, r-devel-windows-x86_64, r-patched-linux-x86_64, r-release-linux-x86_64, r-release-macos-arm64, r-release-macos-x86_64, r-release-windows-x86_64
These binaries (installable software) and packages are in development.
They may not be fully stable and should be used with caution. We make no claims about them.
Health stats visible at Monitor.