Last updated on 2025-05-15 11:49:57 CEST.
Flavor | Version | Tinstall | Tcheck | Ttotal | Status | Flags |
---|---|---|---|---|---|---|
r-devel-linux-x86_64-debian-clang | 2.0.0 | 32.72 | 49.41 | 82.13 | NOTE | |
r-devel-linux-x86_64-debian-gcc | 2.0.0 | 23.12 | 38.31 | 61.43 | ERROR | |
r-devel-linux-x86_64-fedora-clang | 2.0.0 | 131.11 | NOTE | |||
r-devel-linux-x86_64-fedora-gcc | 2.0.0 | 137.58 | NOTE | |||
r-devel-windows-x86_64 | 2.0.0 | 36.00 | 82.00 | 118.00 | NOTE | |
r-patched-linux-x86_64 | 2.0.0 | 34.12 | 49.56 | 83.68 | NOTE | |
r-release-linux-x86_64 | 2.0.0 | 30.82 | 49.97 | 80.79 | NOTE | |
r-release-macos-arm64 | 2.0.0 | 39.00 | NOTE | |||
r-release-macos-x86_64 | 2.0.0 | 59.00 | NOTE | |||
r-release-windows-x86_64 | 2.0.0 | 36.00 | 90.00 | 126.00 | NOTE | |
r-oldrel-macos-arm64 | 2.0.0 | 37.00 | NOTE | |||
r-oldrel-macos-x86_64 | 2.0.0 | 58.00 | NOTE | |||
r-oldrel-windows-x86_64 | 2.0.0 | 41.00 | 95.00 | 136.00 | NOTE |
Version: 2.0.0
Check: C++ specification
Result: NOTE
Specified C++11: please drop specification unless essential
Flavors: r-devel-linux-x86_64-debian-clang, r-devel-linux-x86_64-debian-gcc, r-devel-linux-x86_64-fedora-clang, r-devel-linux-x86_64-fedora-gcc, r-devel-windows-x86_64, r-patched-linux-x86_64, r-release-linux-x86_64, r-release-macos-arm64, r-release-macos-x86_64, r-release-windows-x86_64, r-oldrel-macos-arm64, r-oldrel-macos-x86_64, r-oldrel-windows-x86_64
Version: 2.0.0
Check: tests
Result: ERROR
Running ‘testthat.R’ [5s/5s]
Running the tests in ‘tests/testthat.R’ failed.
Complete output:
> library(testthat)
> library(combinIT)
>
> test_check("combinIT")
[ FAIL 2 | WARN 0 | SKIP 0 | PASS 15 ]
══ Failed tests ════════════════════════════════════════════════════════════════
── Failure ('test-CI_test.R:8:3'): CI_test works ───────────────────────────────
x$Bonferroni < 0.05 is not TRUE
`actual`: FALSE
`expected`: TRUE
── Failure ('test-CI_test.R:9:3'): CI_test works ───────────────────────────────
x$Sidak < 0.05 is not TRUE
`actual`: FALSE
`expected`: TRUE
[ FAIL 2 | WARN 0 | SKIP 0 | PASS 15 ]
Error: Test failures
Execution halted
Flavor: r-devel-linux-x86_64-debian-gcc
These binaries (installable software) and packages are in development.
They may not be fully stable and should be used with caution. We make no claims about them.
Health stats visible at Monitor.