CRAN Package Check Results for Package colocr

Last updated on 2025-05-15 07:49:35 CEST.

Flavor Version Tinstall Tcheck Ttotal Status Flags
r-devel-linux-x86_64-debian-clang 0.1.1 6.35 156.36 162.71 NOTE
r-devel-linux-x86_64-debian-gcc 0.1.1 4.10 108.74 112.84 NOTE
r-devel-linux-x86_64-fedora-clang 0.1.1 251.29 OK
r-devel-linux-x86_64-fedora-gcc 0.1.1 295.01 OK
r-devel-windows-x86_64 0.1.1 8.00 253.00 261.00 NOTE
r-patched-linux-x86_64 0.1.1 6.05 142.63 148.68 NOTE
r-release-linux-x86_64 0.1.1 5.24 142.29 147.53 NOTE
r-release-macos-arm64 0.1.1 97.00 OK
r-release-macos-x86_64 0.1.1 225.00 OK
r-release-windows-x86_64 0.1.1 8.00 249.00 257.00 NOTE
r-oldrel-macos-arm64 0.1.1 83.00 NOTE
r-oldrel-macos-x86_64 0.1.1 129.00 NOTE
r-oldrel-windows-x86_64 0.1.1 9.00 251.00 260.00 NOTE

Check Details

Version: 0.1.1
Check: CRAN incoming feasibility
Result: NOTE Maintainer: ‘Mahmoud Ahmed <mahmoud.s.fahmy@students.kasralainy.edu.eg>’ Package CITATION file contains call(s) to old-style personList() or as.personList(). Please use c() on person objects instead. Package CITATION file contains call(s) to old-style citEntry(). Please use bibentry() instead. Flavors: r-devel-linux-x86_64-debian-clang, r-devel-linux-x86_64-debian-gcc

Version: 0.1.1
Check: Rd cross-references
Result: NOTE Found the following Rd file(s) with Rd \link{} targets missing package anchors: roi_select.Rd: imager Please provide package anchors for all Rd \link{} targets not in the package itself and the base packages. Flavors: r-devel-linux-x86_64-debian-clang, r-devel-linux-x86_64-debian-gcc, r-devel-windows-x86_64, r-patched-linux-x86_64, r-release-linux-x86_64, r-release-windows-x86_64

Version: 0.1.1
Check: LazyData
Result: NOTE 'LazyData' is specified without a 'data' directory Flavors: r-oldrel-macos-arm64, r-oldrel-macos-x86_64, r-oldrel-windows-x86_64

These binaries (installable software) and packages are in development.
They may not be fully stable and should be used with caution. We make no claims about them.
Health stats visible at Monitor.