CRAN Package Check Results for Package collatz

Last updated on 2025-05-03 22:49:49 CEST.

Flavor Version Tinstall Tcheck Ttotal Status Flags
r-devel-linux-x86_64-debian-clang 1.0.0 2.12 40.04 42.16 NOTE
r-devel-linux-x86_64-debian-gcc 1.0.0 1.63 31.54 33.17 NOTE
r-devel-linux-x86_64-fedora-clang 1.0.0 70.27 OK
r-devel-linux-x86_64-fedora-gcc 1.0.0 77.37 OK
r-devel-windows-x86_64 1.0.0 3.00 62.00 65.00 OK
r-patched-linux-x86_64 1.0.0 2.16 37.46 39.62 OK
r-release-linux-x86_64 OK
r-release-macos-arm64 1.0.0 31.00 OK
r-release-macos-x86_64 1.0.0 58.00 OK
r-release-windows-x86_64 1.0.0 4.00 61.00 65.00 OK
r-oldrel-macos-arm64 1.0.0 36.00 OK
r-oldrel-macos-x86_64 1.0.0 49.00 OK
r-oldrel-windows-x86_64 1.0.0 4.00 70.00 74.00 OK

Check Details

Version: 1.0.0
Check: CRAN incoming feasibility
Result: NOTE Maintainer: ‘Nathan Levett <nathan.a.z.levett@gmail.com>’ The BugReports field in DESCRIPTION has https://github.com/Skenvy/Collatz/issues/new/choose which should likely be https://github.com/Skenvy/Collatz/issues/new/choose/issues instead. Flavors: r-devel-linux-x86_64-debian-clang, r-devel-linux-x86_64-debian-gcc

These binaries (installable software) and packages are in development.
They may not be fully stable and should be used with caution. We make no claims about them.
Health stats visible at Monitor.