CRAN Package Check Results for Package cointmonitoR

Last updated on 2025-05-17 15:50:39 CEST.

Flavor Version Tinstall Tcheck Ttotal Status Flags
r-devel-linux-x86_64-debian-clang 0.1.0 2.02 30.97 32.99 NOTE
r-devel-linux-x86_64-debian-gcc 0.1.0 1.92 25.00 26.92 NOTE
r-devel-linux-x86_64-fedora-clang 0.1.0 50.01 OK
r-devel-linux-x86_64-fedora-gcc 0.1.0 63.47 OK
r-devel-windows-x86_64 0.1.0 3.00 52.00 55.00 OK
r-patched-linux-x86_64 0.1.0 2.26 28.98 31.24 OK
r-release-linux-x86_64 0.1.0 2.07 29.13 31.20 OK
r-release-macos-arm64 0.1.0 36.00 OK
r-release-macos-x86_64 0.1.0 48.00 OK
r-release-windows-x86_64 0.1.0 4.00 50.00 54.00 OK
r-oldrel-macos-arm64 0.1.0 26.00 OK
r-oldrel-macos-x86_64 0.1.0 43.00 OK
r-oldrel-windows-x86_64 0.1.0 4.00 55.00 59.00 OK

Check Details

Version: 0.1.0
Check: CRAN incoming feasibility
Result: NOTE Maintainer: ‘Philipp Aschersleben <aschersleben@statistik.tu-dortmund.de>’ Found the following URLs which should use \doi (with the DOI name only): File ‘monitorCointegration.Rd’: http://dx.doi.org/10.2139/ssrn.2624657 File ‘monitorStationarity.Rd’: http://dx.doi.org/10.2139/ssrn.2624657 Flavors: r-devel-linux-x86_64-debian-clang, r-devel-linux-x86_64-debian-gcc

These binaries (installable software) and packages are in development.
They may not be fully stable and should be used with caution. We make no claims about them.
Health stats visible at Monitor.