CRAN Package Check Results for Package cocorresp

Last updated on 2025-02-23 15:49:39 CET.

Flavor Version Tinstall Tcheck Ttotal Status Flags
r-devel-linux-x86_64-debian-clang 0.4-5 7.32 82.28 89.60 NOTE
r-devel-linux-x86_64-debian-gcc 0.4-5 5.43 59.86 65.29 NOTE
r-devel-linux-x86_64-fedora-clang 0.4-5 142.77 NOTE
r-devel-linux-x86_64-fedora-gcc 0.4-5 152.18 NOTE
r-devel-macos-arm64 0.4-5 52.00 OK
r-devel-macos-x86_64 0.4-5 91.00 OK
r-devel-windows-x86_64 0.4-5 11.00 98.00 109.00 NOTE
r-patched-linux-x86_64 0.4-5 8.30 77.24 85.54 OK
r-release-linux-x86_64 0.4-5 7.75 77.30 85.05 OK
r-release-macos-arm64 0.4-5 59.00 OK
r-release-macos-x86_64 0.4-5 106.00 OK
r-release-windows-x86_64 0.4-5 10.00 97.00 107.00 OK
r-oldrel-macos-arm64 0.4-5 62.00 OK
r-oldrel-macos-x86_64 0.4-5 107.00 OK
r-oldrel-windows-x86_64 0.4-5 12.00 117.00 129.00 OK

Check Details

Version: 0.4-5
Check: differences from ‘cocorresp-Ex.Rout’ to ‘cocorresp-Ex.Rout.save’
Result: NOTE 1a2 > This is vegan 2.6-8 Flavors: r-devel-linux-x86_64-debian-clang, r-devel-linux-x86_64-debian-gcc, r-devel-linux-x86_64-fedora-clang, r-devel-linux-x86_64-fedora-gcc, r-devel-windows-x86_64

These binaries (installable software) and packages are in development.
They may not be fully stable and should be used with caution. We make no claims about them.
Health stats visible at Monitor.