Last updated on 2025-05-03 22:49:49 CEST.
Flavor | Version | Tinstall | Tcheck | Ttotal | Status | Flags |
---|---|---|---|---|---|---|
r-devel-linux-x86_64-debian-clang | 0.2.2 | 6.44 | 53.26 | 59.70 | NOTE | |
r-devel-linux-x86_64-debian-gcc | 0.2.2 | 4.75 | 39.40 | 44.15 | NOTE | |
r-devel-linux-x86_64-fedora-clang | 0.2.2 | 92.78 | OK | |||
r-devel-linux-x86_64-fedora-gcc | 0.2.2 | 89.06 | OK | |||
r-devel-windows-x86_64 | 0.2.2 | 8.00 | 74.00 | 82.00 | OK | |
r-patched-linux-x86_64 | 0.2.2 | 5.69 | 51.41 | 57.10 | OK | |
r-release-linux-x86_64 | OK | |||||
r-release-macos-arm64 | 0.2.2 | 36.00 | OK | |||
r-release-macos-x86_64 | 0.2.2 | 61.00 | OK | |||
r-release-windows-x86_64 | 0.2.2 | 7.00 | 67.00 | 74.00 | OK | |
r-oldrel-macos-arm64 | 0.2.2 | 34.00 | OK | |||
r-oldrel-macos-x86_64 | 0.2.2 | 46.00 | OK | |||
r-oldrel-windows-x86_64 | 0.2.2 | 9.00 | 77.00 | 86.00 | OK |
Version: 0.2.2
Check: CRAN incoming feasibility
Result: NOTE
Maintainer: ‘Anh Tuan Bui <atbui@u.northwestern.edu>’
No Authors@R field in DESCRIPTION.
Please add one, modifying
Authors@R: person(given = c("Anh", "Tuan"),
family = "Bui",
role = c("aut", "cre"),
email = "atbui@u.northwestern.edu")
as necessary.
The Description field contains
(2021) <arXiv:2111.13646> or closed-form solution in Bui (2022)
(2021) <arXiv:2111.13646>.
Please refer to arXiv e-prints via their arXiv DOI <doi:10.48550/arXiv.YYMM.NNNNN>.
Flavors: r-devel-linux-x86_64-debian-clang, r-devel-linux-x86_64-debian-gcc
These binaries (installable software) and packages are in development.
They may not be fully stable and should be used with caution. We make no claims about them.
Health stats visible at Monitor.