CRAN Package Check Results for Package clustermq

Last updated on 2025-02-23 15:49:39 CET.

Flavor Version Tinstall Tcheck Ttotal Status Flags
r-devel-linux-x86_64-debian-clang 0.9.7 49.56 74.96 124.52 OK
r-devel-linux-x86_64-debian-gcc 0.9.7 38.74 62.10 100.84 OK
r-devel-linux-x86_64-fedora-clang 0.9.7 223.72 WARN
r-devel-linux-x86_64-fedora-gcc 0.9.7 251.39 NOTE
r-devel-macos-arm64 0.9.7 88.00 OK
r-devel-macos-x86_64 0.9.7 187.00 OK
r-devel-windows-x86_64 0.9.7 59.00 109.00 168.00 OK
r-patched-linux-x86_64 0.9.7 52.05 73.36 125.41 OK
r-release-linux-x86_64 0.9.7 52.17 72.55 124.72 OK
r-release-macos-arm64 0.9.7 101.00 NOTE
r-release-macos-x86_64 0.9.7 185.00 NOTE
r-release-windows-x86_64 0.9.7 58.00 107.00 165.00 OK
r-oldrel-macos-arm64 0.9.6 116.00 NOTE
r-oldrel-macos-x86_64 0.9.7 159.00 NOTE
r-oldrel-windows-x86_64 0.9.7 69.00 130.00 199.00 OK

Check Details

Version: 0.9.7
Check: whether package can be installed
Result: WARN Found the following significant warnings: cppzmq/zmq.hpp:1366:35: warning: identifier '_zbuf' preceded by whitespace in a literal operator declaration is deprecated [-Wdeprecated-literal-operator] cppzmq/zmq.hpp:1370:35: warning: identifier '_zbuf' preceded by whitespace in a literal operator declaration is deprecated [-Wdeprecated-literal-operator] cppzmq/zmq.hpp:1374:35: warning: identifier '_zbuf' preceded by whitespace in a literal operator declaration is deprecated [-Wdeprecated-literal-operator] cppzmq/zmq.hpp:1378:35: warning: identifier '_zbuf' preceded by whitespace in a literal operator declaration is deprecated [-Wdeprecated-literal-operator] See ‘/data/gannet/ripley/R/packages/tests-clang/clustermq.Rcheck/00install.out’ for details. * used C++ compiler: ‘clang version 20.1.0-rc2’ Flavor: r-devel-linux-x86_64-fedora-clang

Version: 0.9.7
Check: dependencies in R code
Result: NOTE Namespace in Imports field not imported from: ‘R6’ All declared Imports should be used. Flavors: r-devel-linux-x86_64-fedora-clang, r-devel-linux-x86_64-fedora-gcc

Version: 0.9.7
Check: installed package size
Result: NOTE installed size is 18.0Mb sub-directories of 1Mb or more: libs 17.3Mb Flavors: r-release-macos-arm64, r-release-macos-x86_64, r-oldrel-macos-x86_64

Version: 0.9.6
Check: installed package size
Result: NOTE installed size is 17.1Mb sub-directories of 1Mb or more: libs 16.4Mb Flavor: r-oldrel-macos-arm64

These binaries (installable software) and packages are in development.
They may not be fully stable and should be used with caution. We make no claims about them.
Health stats visible at Monitor.