Last updated on 2025-02-23 15:49:39 CET.
Flavor | Version | Tinstall | Tcheck | Ttotal | Status | Flags |
---|---|---|---|---|---|---|
r-devel-linux-x86_64-debian-clang | 1.0.2 | 21.57 | 27.29 | 48.86 | NOTE | |
r-devel-linux-x86_64-debian-gcc | 1.0.2 | 14.12 | 20.58 | 34.70 | NOTE | |
r-devel-linux-x86_64-fedora-clang | 1.0.2 | 86.34 | NOTE | |||
r-devel-linux-x86_64-fedora-gcc | 1.0.2 | 88.09 | NOTE | |||
r-devel-macos-arm64 | 1.0.2 | 26.00 | NOTE | |||
r-devel-macos-x86_64 | 1.0.2 | 43.00 | NOTE | |||
r-devel-windows-x86_64 | 1.0.2 | 24.00 | 67.00 | 91.00 | NOTE | |
r-patched-linux-x86_64 | 1.0.2 | 21.65 | 25.60 | 47.25 | NOTE | |
r-release-linux-x86_64 | 1.0.2 | 22.15 | 25.91 | 48.06 | NOTE | |
r-release-macos-arm64 | 1.0.2 | 26.00 | NOTE | |||
r-release-macos-x86_64 | 1.0.2 | 37.00 | NOTE | |||
r-release-windows-x86_64 | 1.0.2 | 25.00 | 62.00 | 87.00 | NOTE | |
r-oldrel-macos-arm64 | 1.0.2 | 29.00 | NOTE | |||
r-oldrel-macos-x86_64 | 1.0.2 | 44.00 | NOTE | |||
r-oldrel-windows-x86_64 | 1.0.2 | 29.00 | 73.00 | 102.00 | NOTE |
Version: 1.0.2
Check: C++ specification
Result: NOTE
Specified C++11: please drop specification unless essential
Flavors: r-devel-linux-x86_64-debian-clang, r-devel-linux-x86_64-debian-gcc, r-devel-linux-x86_64-fedora-clang, r-devel-linux-x86_64-fedora-gcc, r-devel-macos-arm64, r-devel-macos-x86_64, r-devel-windows-x86_64, r-patched-linux-x86_64, r-release-linux-x86_64, r-release-macos-arm64, r-release-macos-x86_64, r-release-windows-x86_64, r-oldrel-macos-arm64, r-oldrel-macos-x86_64, r-oldrel-windows-x86_64
Version: 1.0.2
Check: Rd files
Result: NOTE
checkRd: (-1) HTKmeans.Rd:62: Lost braces
62 | \item{centers }{A matrix of cluster centres.}
| ^
checkRd: (-1) HTKmeans.Rd:62: Lost braces
62 | \item{centers }{A matrix of cluster centres.}
| ^
checkRd: (-1) HTKmeans.Rd:63: Lost braces
63 | \item{cluster }{A vector of integers (from 1:\code{k}) indicating the cluster to which each point is allocated.}
| ^
checkRd: (-1) HTKmeans.Rd:63: Lost braces
63 | \item{cluster }{A vector of integers (from 1:\code{k}) indicating the cluster to which each point is allocated.}
| ^
checkRd: (-1) HTKmeans.Rd:64: Lost braces
64 | \item{itnb }{The number of iterations executed until convergence}
| ^
checkRd: (-1) HTKmeans.Rd:64: Lost braces
64 | \item{itnb }{The number of iterations executed until convergence}
| ^
checkRd: (-1) HTKmeans.Rd:65: Lost braces
65 | \item{converged }{Whether the algorithm stopped by converging or through reaching the maximum number of itertions.}
| ^
checkRd: (-1) HTKmeans.Rd:65: Lost braces
65 | \item{converged }{Whether the algorithm stopped by converging or through reaching the maximum number of itertions.}
| ^
Flavors: r-devel-linux-x86_64-debian-clang, r-devel-linux-x86_64-debian-gcc, r-devel-linux-x86_64-fedora-clang, r-devel-linux-x86_64-fedora-gcc, r-devel-macos-arm64, r-devel-macos-x86_64, r-devel-windows-x86_64, r-patched-linux-x86_64, r-release-linux-x86_64, r-release-macos-arm64, r-release-macos-x86_64, r-release-windows-x86_64
These binaries (installable software) and packages are in development.
They may not be fully stable and should be used with caution. We make no claims about them.
Health stats visible at Monitor.