Last updated on 2025-10-31 03:49:59 CET.
| Flavor | Version | Tinstall | Tcheck | Ttotal | Status | Flags | 
|---|---|---|---|---|---|---|
| r-devel-linux-x86_64-debian-clang | 1.5 | 15.78 | 26.71 | 42.49 | NOTE | |
| r-devel-linux-x86_64-debian-gcc | 1.5 | 11.76 | 21.04 | 32.80 | NOTE | |
| r-devel-linux-x86_64-fedora-clang | 1.5 | 41.00 | 32.15 | 73.15 | NOTE | |
| r-devel-linux-x86_64-fedora-gcc | 1.5 | 38.00 | 31.29 | 69.29 | NOTE | |
| r-devel-windows-x86_64 | 1.5 | 22.00 | 61.00 | 83.00 | NOTE | |
| r-patched-linux-x86_64 | 1.5 | 17.07 | 25.83 | 42.90 | NOTE | |
| r-release-linux-x86_64 | 1.5 | 17.10 | 25.29 | 42.39 | NOTE | |
| r-release-macos-arm64 | 1.5 | 7.00 | 19.00 | 26.00 | NOTE | |
| r-release-macos-x86_64 | 1.5 | 10.00 | 26.00 | 36.00 | NOTE | |
| r-release-windows-x86_64 | 1.5 | 21.00 | 66.00 | 87.00 | NOTE | |
| r-oldrel-macos-arm64 | 1.5 | 7.00 | 21.00 | 28.00 | NOTE | |
| r-oldrel-macos-x86_64 | 1.5 | 9.00 | 24.00 | 33.00 | NOTE | |
| r-oldrel-windows-x86_64 | 1.5 | 21.00 | 77.00 | 98.00 | NOTE | 
Version: 1.5
Check: CRAN incoming feasibility
Result: NOTE
  Maintainer: ‘Stephen Reid <sreid1652@gmail.com>’
  
  No Authors@R field in DESCRIPTION.
  Please add one, modifying
    Authors@R: c(person(given = "Stephen",
                        family = "Reid",
                        role = c("aut", "cre"),
                        email = "sreid1652@gmail.com"),
                 person(given = "Robert",
                        family = "Tibshirani",
                        role = "aut"))
  as necessary.
  
  Package CITATION file contains call(s) to old-style personList() or
  as.personList().  Please use c() on person objects instead.
  Package CITATION file contains call(s) to old-style citEntry().  Please
  use bibentry() instead.
Flavors: r-devel-linux-x86_64-debian-clang, r-devel-linux-x86_64-debian-gcc
Version: 1.5
Check: Rd files
Result: NOTE
  checkRd: (-1) print.clogitL1.Rd:21: Lost braces in \itemize; meant \describe ?
  checkRd: (-1) print.clogitL1.Rd:22: Lost braces in \itemize; meant \describe ?
  checkRd: (-1) print.clogitL1.Rd:23: Lost braces in \itemize; meant \describe ?
Flavors: r-devel-linux-x86_64-debian-clang, r-devel-linux-x86_64-debian-gcc, r-devel-linux-x86_64-fedora-clang, r-devel-linux-x86_64-fedora-gcc, r-devel-windows-x86_64, r-patched-linux-x86_64, r-release-linux-x86_64, r-release-macos-arm64, r-release-macos-x86_64, r-release-windows-x86_64, r-oldrel-macos-arm64, r-oldrel-macos-x86_64, r-oldrel-windows-x86_64
Version: 1.5
Check: compiled code
Result: NOTE
  File ‘clogitL1/libs/clogitL1.so’:
    Found no calls to: ‘R_registerRoutines’, ‘R_useDynamicSymbols’
  
  It is good practice to register native routines and to disable symbol
  search.
  
  See ‘Writing portable packages’ in the ‘Writing R Extensions’ manual.
Flavors: r-devel-linux-x86_64-fedora-clang, r-devel-linux-x86_64-fedora-gcc
These binaries (installable software) and packages are in development.
They may not be fully stable and should be used with caution. We make no claims about them.
Health stats visible at Monitor.