Last updated on 2025-10-10 11:50:59 CEST.
Flavor | Version | Tinstall | Tcheck | Ttotal | Status | Flags |
---|---|---|---|---|---|---|
r-devel-linux-x86_64-debian-clang | 0.1.2 | 8.96 | 117.24 | 126.20 | WARN | |
r-devel-linux-x86_64-debian-gcc | 0.1.2 | 6.31 | 89.21 | 95.52 | WARN | |
r-devel-linux-x86_64-fedora-clang | 0.1.2 | 154.79 | WARN | |||
r-devel-linux-x86_64-fedora-gcc | 0.1.2 | 197.57 | WARN | |||
r-devel-windows-x86_64 | 0.1.2 | 13.00 | 146.00 | 159.00 | WARN | |
r-patched-linux-x86_64 | 0.1.2 | 9.63 | 111.08 | 120.71 | WARN | |
r-release-linux-x86_64 | 0.1.2 | 7.64 | 110.96 | 118.60 | WARN | |
r-release-macos-arm64 | 0.1.2 | 56.00 | OK | |||
r-release-macos-x86_64 | 0.1.2 | 123.00 | OK | |||
r-release-windows-x86_64 | 0.1.2 | 15.00 | 129.00 | 144.00 | WARN | |
r-oldrel-macos-arm64 | 0.1.2 | 59.00 | OK | |||
r-oldrel-macos-x86_64 | 0.1.2 | 109.00 | OK | |||
r-oldrel-windows-x86_64 | 0.1.2 | 17.00 | 157.00 | 174.00 | WARN |
Version: 0.1.2
Check: whether package can be installed
Result: WARN
Found the following significant warnings:
Warning: The `size` argument of `element_line()` is deprecated as of ggplot2 3.4.0.
See ‘/home/hornik/tmp/R.check/r-devel-clang/Work/PKGS/clockSim.Rcheck/00install.out’ for details.
* used C compiler: ‘Debian clang version 19.1.7 (7)’
Flavor: r-devel-linux-x86_64-debian-clang
Version: 0.1.2
Check: whether package can be installed
Result: WARN
Found the following significant warnings:
Warning: The `size` argument of `element_line()` is deprecated as of ggplot2 3.4.0.
See ‘/home/hornik/tmp/R.check/r-devel-gcc/Work/PKGS/clockSim.Rcheck/00install.out’ for details.
* used C compiler: ‘gcc-15 (Debian 15.2.0-4) 15.2.0’
Flavor: r-devel-linux-x86_64-debian-gcc
Version: 0.1.2
Check: whether package can be installed
Result: WARN
Found the following significant warnings:
Warning: The `size` argument of `element_line()` is deprecated as of ggplot2 3.4.0.
See ‘/data/gannet/ripley/R/packages/tests-clang/clockSim.Rcheck/00install.out’ for details.
* used C compiler: ‘clang version 21.1.2’
Flavor: r-devel-linux-x86_64-fedora-clang
Version: 0.1.2
Check: whether package can be installed
Result: WARN
Found the following significant warnings:
Warning: The `size` argument of `element_line()` is deprecated as of ggplot2 3.4.0.
See ‘/data/gannet/ripley/R/packages/tests-devel/clockSim.Rcheck/00install.out’ for details.
* used C compiler: ‘gcc (GCC) 15.1.1 20250521 (Red Hat 15.1.1-2)’
Flavor: r-devel-linux-x86_64-fedora-gcc
Version: 0.1.2
Check: whether package can be installed
Result: WARN
Found the following significant warnings:
Warning: The `size` argument of `element_line()` is deprecated as of ggplot2 3.4.0.
See 'd:/Rcompile/CRANpkg/local/4.6/clockSim.Rcheck/00install.out' for details.
* used C compiler: 'gcc.exe (GCC) 14.2.0'
Flavor: r-devel-windows-x86_64
Version: 0.1.2
Check: whether package can be installed
Result: WARN
Found the following significant warnings:
Warning: The `size` argument of `element_line()` is deprecated as of ggplot2 3.4.0.
See ‘/home/hornik/tmp/R.check/r-patched-gcc/Work/PKGS/clockSim.Rcheck/00install.out’ for details.
* used C compiler: ‘gcc-14 (Debian 14.3.0-8) 14.3.0’
Flavor: r-patched-linux-x86_64
Version: 0.1.2
Check: whether package can be installed
Result: WARN
Found the following significant warnings:
Warning: The `size` argument of `element_line()` is deprecated as of ggplot2 3.4.0.
See ‘/home/hornik/tmp/R.check/r-release-gcc/Work/PKGS/clockSim.Rcheck/00install.out’ for details.
* used C compiler: ‘gcc-14 (Debian 14.3.0-8) 14.3.0’
Flavor: r-release-linux-x86_64
Version: 0.1.2
Check: whether package can be installed
Result: WARN
Found the following significant warnings:
Warning: The `size` argument of `element_line()` is deprecated as of ggplot2 3.4.0.
See 'd:/Rcompile/CRANpkg/local/4.5/clockSim.Rcheck/00install.out' for details.
* used C compiler: 'gcc.exe (GCC) 14.2.0'
Flavor: r-release-windows-x86_64
Version: 0.1.2
Check: whether package can be installed
Result: WARN
Found the following significant warnings:
Warning: The `size` argument of `element_line()` is deprecated as of ggplot2 3.4.0.
See 'd:/Rcompile/CRANpkg/local/4.4/clockSim.Rcheck/00install.out' for details.
* used C compiler: 'gcc.exe (GCC) 13.3.0'
Flavor: r-oldrel-windows-x86_64
These binaries (installable software) and packages are in development.
They may not be fully stable and should be used with caution. We make no claims about them.
Health stats visible at Monitor.