CRAN Package Check Results for Package clinspacy

Last updated on 2025-05-17 17:49:15 CEST.

Flavor Version Tinstall Tcheck Ttotal Status Flags
r-devel-linux-x86_64-debian-clang 1.0.2 2.69 26.36 29.05 NOTE
r-devel-linux-x86_64-debian-gcc 1.0.2 1.63 20.82 22.45 NOTE
r-devel-linux-x86_64-fedora-clang 1.0.2 42.47 OK
r-devel-linux-x86_64-fedora-gcc 1.0.2 40.18 OK
r-devel-windows-x86_64 1.0.2 4.00 47.00 51.00 OK
r-patched-linux-x86_64 1.0.2 2.70 23.37 26.07 OK
r-release-linux-x86_64 1.0.2 1.60 23.59 25.19 OK
r-release-macos-arm64 1.0.2 20.00 OK
r-release-macos-x86_64 1.0.2 27.00 OK
r-release-windows-x86_64 1.0.2 3.00 46.00 49.00 OK
r-oldrel-macos-arm64 1.0.2 19.00 NOTE
r-oldrel-macos-x86_64 1.0.2 25.00 NOTE
r-oldrel-windows-x86_64 1.0.2 4.00 52.00 56.00 NOTE

Check Details

Version: 1.0.2
Check: CRAN incoming feasibility
Result: NOTE Maintainer: ‘Karandeep Singh <kdpsingh@umich.edu>’ The Description field contains embeddings developed by Beam (2018) <arXiv:1804.01486>. Please refer to arXiv e-prints via their arXiv DOI <doi:10.48550/arXiv.YYMM.NNNNN>. Flavors: r-devel-linux-x86_64-debian-clang, r-devel-linux-x86_64-debian-gcc

Version: 1.0.2
Check: LazyData
Result: NOTE 'LazyData' is specified without a 'data' directory Flavors: r-oldrel-macos-arm64, r-oldrel-macos-x86_64, r-oldrel-windows-x86_64

These binaries (installable software) and packages are in development.
They may not be fully stable and should be used with caution. We make no claims about them.
Health stats visible at Monitor.