Last updated on 2025-05-17 15:50:38 CEST.
Flavor | Version | Tinstall | Tcheck | Ttotal | Status | Flags |
---|---|---|---|---|---|---|
r-devel-linux-x86_64-debian-clang | 1.2 | 2.04 | 18.31 | 20.35 | NOTE | |
r-devel-linux-x86_64-debian-gcc | 1.2 | 1.52 | 14.51 | 16.03 | NOTE | |
r-devel-linux-x86_64-fedora-clang | 1.2 | 31.38 | NOTE | |||
r-devel-linux-x86_64-fedora-gcc | 1.2 | 30.17 | NOTE | |||
r-devel-windows-x86_64 | 1.2 | 4.00 | 40.00 | 44.00 | NOTE | |
r-patched-linux-x86_64 | 1.2 | 1.98 | 17.38 | 19.36 | NOTE | |
r-release-linux-x86_64 | 1.2 | 1.96 | 17.39 | 19.35 | NOTE | |
r-release-macos-arm64 | 1.2 | 16.00 | NOTE | |||
r-release-macos-x86_64 | 1.2 | 23.00 | NOTE | |||
r-release-windows-x86_64 | 1.2 | 4.00 | 43.00 | 47.00 | NOTE | |
r-oldrel-macos-arm64 | 1.2 | 20.00 | NOTE | |||
r-oldrel-macos-x86_64 | 1.2 | 22.00 | NOTE | |||
r-oldrel-windows-x86_64 | 1.2 | 2.00 | 38.00 | 40.00 | NOTE |
Version: 1.2
Check: CRAN incoming feasibility
Result: NOTE
Maintainer: ‘Jim Lemon <drjimlemon@gmail.com>’
No Authors@R field in DESCRIPTION.
Please add one, modifying
Authors@R: c(person(given = "Jim",
family = "Lemon,",
role = "aut",
email = "drjimlemon@gmail.com"),
person(given = "Jim",
family = "Lemon",
role = "cre",
email = "drjimlemon@gmail.com"))
as necessary.
Flavors: r-devel-linux-x86_64-debian-clang, r-devel-linux-x86_64-debian-gcc
Version: 1.2
Check: Rd files
Result: NOTE
checkRd: (-1) clinsig.Rd:129: Lost braces
129 | be calculated with the measures specified in samp{mct} and samp{disp},
| ^
checkRd: (-1) clinsig.Rd:129: Lost braces
129 | be calculated with the measures specified in samp{mct} and samp{disp},
| ^
Flavors: r-devel-linux-x86_64-debian-clang, r-devel-linux-x86_64-debian-gcc, r-devel-linux-x86_64-fedora-clang, r-devel-linux-x86_64-fedora-gcc, r-devel-windows-x86_64, r-patched-linux-x86_64, r-release-linux-x86_64, r-release-macos-arm64, r-release-macos-x86_64, r-release-windows-x86_64, r-oldrel-macos-arm64, r-oldrel-macos-x86_64, r-oldrel-windows-x86_64
These binaries (installable software) and packages are in development.
They may not be fully stable and should be used with caution. We make no claims about them.
Health stats visible at Monitor.