Last updated on 2025-11-05 09:52:21 CET.
| Flavor | Version | Tinstall | Tcheck | Ttotal | Status | Flags |
|---|---|---|---|---|---|---|
| r-devel-linux-x86_64-debian-clang | 1.1-2 | 19.43 | 230.37 | 249.80 | NOTE | |
| r-devel-linux-x86_64-debian-gcc | 1.1-2 | 16.56 | 157.23 | 173.79 | NOTE | |
| r-devel-linux-x86_64-fedora-clang | 1.1-2 | 146.00 | 320.68 | 466.68 | NOTE | |
| r-devel-linux-x86_64-fedora-gcc | 1.1-2 | 52.00 | 393.00 | 445.00 | NOTE | |
| r-devel-windows-x86_64 | 1.1-2 | 27.00 | 252.00 | 279.00 | NOTE | |
| r-patched-linux-x86_64 | 1.1-2 | 24.48 | 254.72 | 279.20 | OK | |
| r-release-linux-x86_64 | 1.1-2 | 23.31 | 221.13 | 244.44 | OK | |
| r-release-macos-arm64 | 1.1-2 | 9.00 | 106.00 | 115.00 | OK | |
| r-release-macos-x86_64 | 1.1-2 | 16.00 | 234.00 | 250.00 | OK | |
| r-release-windows-x86_64 | 1.1-2 | 27.00 | 244.00 | 271.00 | OK | |
| r-oldrel-macos-arm64 | 1.1-2 | 9.00 | 105.00 | 114.00 | NOTE | |
| r-oldrel-macos-x86_64 | 1.1-2 | 27.00 | 222.00 | 249.00 | NOTE | |
| r-oldrel-windows-x86_64 | 1.1-2 | 32.00 | 323.00 | 355.00 | NOTE |
Version: 1.1-2
Check: Rd files
Result: NOTE
checkRd: (-1) Ops.clifford.Rd:108-136: Only 3 columns allowed in this table (row 1 has 1)
Flavors: r-devel-linux-x86_64-debian-clang, r-devel-linux-x86_64-debian-gcc, r-devel-linux-x86_64-fedora-clang, r-devel-linux-x86_64-fedora-gcc, r-devel-windows-x86_64
Version: 1.1-2
Check: installed package size
Result: NOTE
installed size is 8.9Mb
sub-directories of 1Mb or more:
doc 6.2Mb
libs 1.7Mb
Flavors: r-oldrel-macos-arm64, r-oldrel-macos-x86_64, r-oldrel-windows-x86_64
These binaries (installable software) and packages are in development.
They may not be fully stable and should be used with caution. We make no claims about them.
Health stats visible at Monitor.