Last updated on 2024-05-02 04:00:09 CEST.
Flavor | Version | Tinstall | Tcheck | Ttotal | Status | Flags |
---|---|---|---|---|---|---|
r-devel-linux-x86_64-debian-clang | 3.6.2 | 20.15 | 191.36 | 211.51 | NOTE | |
r-devel-linux-x86_64-debian-gcc | 3.6.2 | 13.47 | 131.08 | 144.55 | NOTE | |
r-devel-linux-x86_64-fedora-clang | 3.6.2 | 248.20 | NOTE | |||
r-devel-linux-x86_64-fedora-gcc | 3.6.2 | 246.97 | NOTE | |||
r-devel-windows-x86_64 | 3.6.2 | 1.00 | 5.00 | 6.00 | ERROR | |
r-patched-linux-x86_64 | 3.6.2 | 23.64 | 177.78 | 201.42 | OK | |
r-release-linux-x86_64 | 3.6.2 | 20.63 | 171.65 | 192.28 | OK | |
r-release-macos-arm64 | 3.6.2 | 69.00 | OK | |||
r-release-macos-x86_64 | 3.6.2 | 53.00 | NOTE | |||
r-release-windows-x86_64 | 3.6.2 | 50.00 | 164.00 | 214.00 | OK | |
r-oldrel-macos-arm64 | 3.6.2 | 86.00 | OK | |||
r-oldrel-macos-x86_64 | 3.6.2 | 218.00 | OK | |||
r-oldrel-windows-x86_64 | 3.6.2 | 49.00 | 199.00 | 248.00 | OK |
Version: 3.6.2
Check: compiled code
Result: NOTE
File ‘cli/libs/cli.so’:
Found non-API calls to R: ‘SET_ENCLOS’, ‘SET_FRAME’, ‘SET_HASHTAB’
Compiled code should not call non-API entry points in R.
See ‘Writing portable packages’ in the ‘Writing R Extensions’ manual.
Flavors: r-devel-linux-x86_64-debian-clang, r-devel-linux-x86_64-debian-gcc, r-devel-linux-x86_64-fedora-clang, r-devel-linux-x86_64-fedora-gcc
Version: 3.6.2
Check: whether package can be installed
Result: ERROR
Installation failed.
Flavor: r-devel-windows-x86_64
Version: 3.6.2
Check: package dependencies
Result: NOTE
Packages suggested but not available for checking:
'callr', 'covr', 'crayon', 'digest', 'glue', 'htmltools',
'htmlwidgets', 'knitr', 'mockery', 'processx', 'ps', 'rlang',
'rmarkdown', 'rprojroot', 'rstudioapi', 'testthat', 'tibble',
'whoami', 'withr'
Flavor: r-release-macos-x86_64
Version: 3.6.2
Check: Rd cross-references
Result: NOTE
Packages unavailable to check Rd xrefs: ‘rlang’, ‘glue’, ‘testthat’
Flavor: r-release-macos-x86_64
These binaries (installable software) and packages are in development.
They may not be fully stable and should be used with caution. We make no claims about them.
Health stats visible at Monitor.