CRAN Package Check Results for Package clhs

Last updated on 2025-10-09 15:49:58 CEST.

Flavor Version Tinstall Tcheck Ttotal Status Flags
r-devel-linux-x86_64-debian-clang 0.9.0 52.59 387.36 439.95 WARN
r-devel-linux-x86_64-debian-gcc 0.9.0 35.14 241.39 276.53 WARN
r-devel-linux-x86_64-fedora-clang 0.9.0 511.82 NOTE
r-devel-linux-x86_64-fedora-gcc 0.9.0 704.78 NOTE
r-devel-windows-x86_64 0.9.0 58.00 312.00 370.00 NOTE
r-patched-linux-x86_64 0.9.0 52.00 370.91 422.91 NOTE
r-release-linux-x86_64 0.9.0 55.78 371.61 427.39 NOTE
r-release-macos-arm64 0.9.0 201.00 NOTE
r-release-macos-x86_64 0.9.0 308.00 NOTE
r-release-windows-x86_64 0.9.0 57.00 308.00 365.00 NOTE
r-oldrel-macos-arm64 0.9.0 140.00 NOTE
r-oldrel-macos-x86_64 0.9.0 243.00 NOTE
r-oldrel-windows-x86_64 0.9.0 76.00 440.00 516.00 NOTE

Check Details

Version: 0.9.0
Check: CRAN incoming feasibility
Result: NOTE Maintainer: ‘Pierre Roudier <roudierp@landcareresearch.co.nz>’ Package CITATION file contains call(s) to old-style citEntry(). Please use bibentry() instead. Flavors: r-devel-linux-x86_64-debian-clang, r-devel-linux-x86_64-debian-gcc

Version: 0.9.0
Check: whether package can be installed
Result: WARN Found the following significant warnings: /home/hornik/tmp/R.check/r-devel-clang/Work/build/Packages/RcppArmadillo/include/RcppArmadillo/version/arma.h:66:17: warning: Using fallback compilation with Armadillo 14.6.3. Please consider defining -DARMA_USE_CURRENT and also removing C++11 compilation directive. See GitHub issue #475 for more. [-W#pragma-messages] See ‘/home/hornik/tmp/R.check/r-devel-clang/Work/PKGS/clhs.Rcheck/00install.out’ for details. * used C++ compiler: ‘Debian clang version 19.1.7 (7)’ Flavor: r-devel-linux-x86_64-debian-clang

Version: 0.9.0
Check: C++ specification
Result: NOTE Specified C++11: please drop specification unless essential Flavors: r-devel-linux-x86_64-debian-clang, r-devel-linux-x86_64-debian-gcc, r-devel-linux-x86_64-fedora-clang, r-devel-linux-x86_64-fedora-gcc, r-devel-windows-x86_64, r-patched-linux-x86_64, r-release-linux-x86_64, r-release-macos-arm64, r-release-macos-x86_64, r-release-windows-x86_64, r-oldrel-macos-arm64, r-oldrel-macos-x86_64, r-oldrel-windows-x86_64

Version: 0.9.0
Check: package subdirectories
Result: NOTE Problems with news in ‘NEWS.md’: Cannot extract version info from the following section titles: clhs_0.7-2 clhs_0.7-0 clhs_0.6-0 clhs_0.5-7 clhs_0.5-6 clhs_0.5-3 clhs_0.5-2 clhs_0.5-1 clhs_0.5-0 clhs_0.4-3 clhs_0.4-2 clhs_0.4-1 clhs_0.4-0 clhs_0.3-2 clhs_0.3-1 clhs_0.3-0 clhs_0.2-1 clhs_0.2-0 clhs_0.1-0 Flavors: r-devel-linux-x86_64-debian-clang, r-devel-linux-x86_64-debian-gcc, r-devel-linux-x86_64-fedora-clang, r-devel-linux-x86_64-fedora-gcc, r-devel-windows-x86_64, r-patched-linux-x86_64, r-release-linux-x86_64, r-release-macos-arm64, r-release-macos-x86_64, r-release-windows-x86_64, r-oldrel-macos-arm64, r-oldrel-macos-x86_64, r-oldrel-windows-x86_64

Version: 0.9.0
Check: whether package can be installed
Result: WARN Found the following significant warnings: /home/hornik/tmp/R.check/r-devel-gcc/Work/build/Packages/RcppArmadillo/include/RcppArmadillo/version/arma.h:66:199: note: ‘#pragma message: Using fallback compilation with Armadillo 14.6.3. Please consider defining -DARMA_USE_CURRENT and also removing C++11 compilation directive. See GitHub issue #475 for more.’ See ‘/home/hornik/tmp/R.check/r-devel-gcc/Work/PKGS/clhs.Rcheck/00install.out’ for details. * used C++ compiler: ‘g++-15 (Debian 15.2.0-4) 15.2.0’ Flavor: r-devel-linux-x86_64-debian-gcc

Version: 0.9.0
Check: dependencies in R code
Result: NOTE Namespace in Imports field not imported from: ‘sp’ All declared Imports should be used. Flavors: r-devel-linux-x86_64-fedora-clang, r-devel-linux-x86_64-fedora-gcc

These binaries (installable software) and packages are in development.
They may not be fully stable and should be used with caution. We make no claims about them.
Health stats visible at Monitor.