Last updated on 2025-05-03 22:49:49 CEST.
Flavor | Version | Tinstall | Tcheck | Ttotal | Status | Flags |
---|---|---|---|---|---|---|
r-devel-linux-x86_64-debian-clang | 1.1.0 | 5.83 | 109.46 | 115.29 | NOTE | |
r-devel-linux-x86_64-debian-gcc | 1.1.0 | 3.97 | 73.85 | 77.82 | NOTE | |
r-devel-linux-x86_64-fedora-clang | 1.1.0 | 192.52 | OK | |||
r-devel-linux-x86_64-fedora-gcc | 1.1.0 | 234.17 | OK | |||
r-devel-windows-x86_64 | 1.1.0 | 7.00 | 140.00 | 147.00 | OK | |
r-patched-linux-x86_64 | 1.1.0 | 6.55 | 102.26 | 108.81 | OK | |
r-release-linux-x86_64 | OK | |||||
r-release-macos-arm64 | 1.1.0 | 122.00 | OK | |||
r-release-macos-x86_64 | 1.1.0 | 207.00 | OK | |||
r-release-windows-x86_64 | 1.1.0 | 9.00 | 137.00 | 146.00 | OK | |
r-oldrel-macos-arm64 | 1.1.0 | 112.00 | OK | |||
r-oldrel-macos-x86_64 | 1.1.0 | 190.00 | OK | |||
r-oldrel-windows-x86_64 | 1.1.0 | 10.00 | 182.00 | 192.00 | OK |
Version: 1.1.0
Check: DESCRIPTION meta-information
Result: NOTE
Author field differs from that derived from Authors@R
Author: ‘Karim Mané [aut, cre] (<https://orcid.org/0000-0002-9892-2999>), Thibaut Jombart [ctb] (Thibault contributed in development of date_guess().), Abdoelnaser Degoot [aut] (<https://orcid.org/0000-0001-8788-2496>), Bankolé Ahadzie [aut], Nuredin Mohammed [aut], Bubacarr Bah [aut] (<https://orcid.org/0000-0003-3318-6668>), Hugo Gruson [ctb, rev] (<https://orcid.org/0000-0002-4094-1476>), Pratik R. Gupte [rev] (<https://orcid.org/0000-0001-5294-7819>), James M. Azam [rev] (<https://orcid.org/0000-0001-5782-7330>), Joshua W. Lambert [rev] (<https://orcid.org/0000-0001-5218-3046>), Chris Hartgerink [rev] (<https://orcid.org/0000-0003-1050-6809>), Andree Valle-Campos [rev, ctb] (<https://orcid.org/0000-0002-7779-481X>), London School of Hygiene and Tropical Medicine, LSHTM [cph] (00a0jsq62), data.org [fnd]’
Authors@R: ‘Karim Mané [aut, cre] (ORCID: <https://orcid.org/0000-0002-9892-2999>), Thibaut Jombart [ctb] (Thibault contributed in development of date_guess().), Abdoelnaser Degoot [aut] (ORCID: <https://orcid.org/0000-0001-8788-2496>), Bankolé Ahadzie [aut], Nuredin Mohammed [aut], Bubacarr Bah [aut] (ORCID: <https://orcid.org/0000-0003-3318-6668>), Hugo Gruson [ctb, rev] (ORCID: <https://orcid.org/0000-0002-4094-1476>), Pratik R. Gupte [rev] (ORCID: <https://orcid.org/0000-0001-5294-7819>), James M. Azam [rev] (ORCID: <https://orcid.org/0000-0001-5782-7330>), Joshua W. Lambert [rev] (ORCID: <https://orcid.org/0000-0001-5218-3046>), Chris Hartgerink [rev] (ORCID: <https://orcid.org/0000-0003-1050-6809>), Andree Valle-Campos [rev, ctb] (ORCID: <https://orcid.org/0000-0002-7779-481X>), London School of Hygiene and Tropical Medicine, LSHTM [cph] (ROR: <https://ror.org/00a0jsq62>), data.org [fnd]’
Flavors: r-devel-linux-x86_64-debian-clang, r-devel-linux-x86_64-debian-gcc
These binaries (installable software) and packages are in development.
They may not be fully stable and should be used with caution. We make no claims about them.
Health stats visible at Monitor.