Last updated on 2025-05-07 20:49:41 CEST.
Flavor | Version | Tinstall | Tcheck | Ttotal | Status | Flags |
---|---|---|---|---|---|---|
r-devel-linux-x86_64-debian-clang | 0.7 | 4.08 | 112.92 | 117.00 | NOTE | |
r-devel-linux-x86_64-debian-gcc | 0.7 | 2.49 | 76.34 | 78.83 | NOTE | |
r-devel-linux-x86_64-fedora-clang | 0.7 | 199.72 | OK | |||
r-devel-linux-x86_64-fedora-gcc | 0.7 | 193.12 | OK | |||
r-devel-windows-x86_64 | 0.7 | 5.00 | 135.00 | 140.00 | OK | |
r-patched-linux-x86_64 | 0.7 | 4.21 | 105.93 | 110.14 | OK | |
r-release-linux-x86_64 | 0.7 | 3.32 | 105.38 | 108.70 | OK | |
r-release-macos-arm64 | 0.7 | 37.00 | OK | |||
r-release-macos-x86_64 | 0.7 | 68.00 | OK | |||
r-release-windows-x86_64 | 0.7 | 6.00 | 136.00 | 142.00 | OK | |
r-oldrel-macos-arm64 | 0.7 | 43.00 | NOTE | |||
r-oldrel-macos-x86_64 | 0.7 | 110.00 | OK | |||
r-oldrel-windows-x86_64 | 0.7 | 7.00 | 162.00 | 169.00 | OK |
Version: 0.7
Check: CRAN incoming feasibility
Result: NOTE
Maintainer: ‘Vasyl Pihur <vpihur@gmail.com>’
No Authors@R field in DESCRIPTION.
Please add one, modifying
Authors@R: c(person(given = "Guy",
family = "Brock",
role = "aut",
email = "guy.brock@louisville.edu"),
person(given = "Vasyl",
family = "Pihur",
role = c("aut", "cre"),
email = "vpihur@gmail.com"),
person(given = "Susmita",
family = "Datta",
role = "aut",
email = "susmita.datta@louisville.edu"),
person(given = "Somnath",
family = "Datta",
role = "aut",
email = "somnath.datta@louisville.edu"))
as necessary.
Package CITATION file contains call(s) to old-style personList() or
as.personList(). Please use c() on person objects instead.
Package CITATION file contains call(s) to old-style citEntry(). Please
use bibentry() instead.
Flavors: r-devel-linux-x86_64-debian-clang, r-devel-linux-x86_64-debian-gcc
Version: 0.7
Check: package dependencies
Result: NOTE
Package suggested but not available for checking: ‘moe430a.db’
Flavor: r-oldrel-macos-arm64
These binaries (installable software) and packages are in development.
They may not be fully stable and should be used with caution. We make no claims about them.
Health stats visible at Monitor.