Last updated on 2025-05-15 07:49:35 CEST.
Flavor | Version | Tinstall | Tcheck | Ttotal | Status | Flags |
---|---|---|---|---|---|---|
r-devel-linux-x86_64-debian-clang | 0.6.0 | 6.78 | 57.63 | 64.41 | NOTE | |
r-devel-linux-x86_64-debian-gcc | 0.6.0 | 4.58 | 39.55 | 44.13 | NOTE | |
r-devel-linux-x86_64-fedora-clang | 0.6.0 | 101.14 | NOTE | |||
r-devel-linux-x86_64-fedora-gcc | 0.6.0 | 94.95 | NOTE | |||
r-devel-windows-x86_64 | 0.6.0 | 8.00 | 72.00 | 80.00 | NOTE | |
r-patched-linux-x86_64 | 0.6.0 | 6.59 | 52.52 | 59.11 | NOTE | |
r-release-linux-x86_64 | 0.6.0 | 6.10 | 53.35 | 59.45 | NOTE | |
r-release-macos-arm64 | 0.6.0 | 48.00 | NOTE | |||
r-release-macos-x86_64 | 0.6.0 | 59.00 | NOTE | |||
r-release-windows-x86_64 | 0.6.0 | 8.00 | 71.00 | 79.00 | NOTE | |
r-oldrel-macos-arm64 | 0.6.0 | 27.00 | NOTE | |||
r-oldrel-macos-x86_64 | 0.6.0 | 43.00 | NOTE | |||
r-oldrel-windows-x86_64 | 0.6.0 | 10.00 | 84.00 | 94.00 | NOTE |
Version: 0.6.0
Check: CRAN incoming feasibility
Result: NOTE
Maintainer: ‘Kary Främling <Kary.Framling@umu.se>’
No Authors@R field in DESCRIPTION.
Please add one, modifying
Authors@R: person(given = "Kary",
family = "Främling",
role = c("aut", "cre"),
email = "kary.framling@umu.se")
as necessary.
The Description field contains
e.g. Främling (2020) <arXiv:2009.13996>.
Please refer to arXiv e-prints via their arXiv DOI <doi:10.48550/arXiv.YYMM.NNNNN>.
Flavors: r-devel-linux-x86_64-debian-clang, r-devel-linux-x86_64-debian-gcc
Version: 0.6.0
Check: Rd files
Result: NOTE
checkRd: (-1) ciu.ggplot.col.Rd:41: Lost braces; missing escapes or markup?
41 | \item{ind.inputs}{Indices of input features to explain (the set {i} in CIU
| ^
checkRd: (-1) ciu.meta.explain.Rd:27: Lost braces; missing escapes or markup?
27 | \item{ind.inputs}{Indices of input features to explain (the set {i} in CIU
| ^
checkRd: (-1) ciu.meta.result.new.Rd:30: Lost braces; missing escapes or markup?
30 | \item{ind.inputs}{Indices of input features to explain (the set {i} in CIU
| ^
checkRd: (-1) ciu.textual.Rd:38: Lost braces; missing escapes or markup?
38 | \item{ind.inputs}{Indices of input features to explain (the set {i} in CIU
| ^
Flavors: r-devel-linux-x86_64-debian-clang, r-devel-linux-x86_64-debian-gcc, r-devel-linux-x86_64-fedora-clang, r-devel-linux-x86_64-fedora-gcc, r-devel-windows-x86_64, r-patched-linux-x86_64, r-release-linux-x86_64, r-release-macos-arm64, r-release-macos-x86_64, r-release-windows-x86_64, r-oldrel-macos-arm64, r-oldrel-macos-x86_64, r-oldrel-windows-x86_64
These binaries (installable software) and packages are in development.
They may not be fully stable and should be used with caution. We make no claims about them.
Health stats visible at Monitor.