Last updated on 2025-02-02 07:50:06 CET.
Flavor | Version | Tinstall | Tcheck | Ttotal | Status | Flags |
---|---|---|---|---|---|---|
r-devel-linux-x86_64-debian-clang | 0.6.0 | 6.02 | 51.65 | 57.67 | NOTE | |
r-devel-linux-x86_64-debian-gcc | 0.6.0 | 4.26 | 35.82 | 40.08 | NOTE | |
r-devel-linux-x86_64-fedora-clang | 0.6.0 | 97.28 | NOTE | |||
r-devel-linux-x86_64-fedora-gcc | 0.6.0 | 84.14 | NOTE | |||
r-devel-windows-x86_64 | 0.6.0 | 8.00 | 66.00 | 74.00 | NOTE | |
r-patched-linux-x86_64 | 0.6.0 | 6.57 | 47.55 | 54.12 | NOTE | |
r-release-linux-x86_64 | 0.6.0 | 4.64 | 47.38 | 52.02 | NOTE | |
r-release-macos-arm64 | 0.6.0 | 27.00 | NOTE | |||
r-release-macos-x86_64 | 0.6.0 | 43.00 | NOTE | |||
r-release-windows-x86_64 | 0.6.0 | 7.00 | 67.00 | 74.00 | NOTE | |
r-oldrel-macos-arm64 | 0.6.0 | 32.00 | OK | |||
r-oldrel-macos-x86_64 | 0.6.0 | 45.00 | OK | |||
r-oldrel-windows-x86_64 | 0.6.0 | 10.00 | 78.00 | 88.00 | OK |
Version: 0.6.0
Check: Rd files
Result: NOTE
checkRd: (-1) ciu.ggplot.col.Rd:41: Lost braces; missing escapes or markup?
41 | \item{ind.inputs}{Indices of input features to explain (the set {i} in CIU
| ^
checkRd: (-1) ciu.meta.explain.Rd:27: Lost braces; missing escapes or markup?
27 | \item{ind.inputs}{Indices of input features to explain (the set {i} in CIU
| ^
checkRd: (-1) ciu.meta.result.new.Rd:30: Lost braces; missing escapes or markup?
30 | \item{ind.inputs}{Indices of input features to explain (the set {i} in CIU
| ^
checkRd: (-1) ciu.textual.Rd:38: Lost braces; missing escapes or markup?
38 | \item{ind.inputs}{Indices of input features to explain (the set {i} in CIU
| ^
Flavors: r-devel-linux-x86_64-debian-clang, r-devel-linux-x86_64-debian-gcc, r-devel-linux-x86_64-fedora-clang, r-devel-linux-x86_64-fedora-gcc, r-devel-windows-x86_64, r-patched-linux-x86_64, r-release-linux-x86_64, r-release-macos-arm64, r-release-macos-x86_64, r-release-windows-x86_64
These binaries (installable software) and packages are in development.
They may not be fully stable and should be used with caution. We make no claims about them.
Health stats visible at Monitor.