Last updated on 2025-05-17 17:49:15 CEST.
Flavor | Version | Tinstall | Tcheck | Ttotal | Status | Flags |
---|---|---|---|---|---|---|
r-devel-linux-x86_64-debian-clang | 0.3.0 | 2.26 | 60.37 | 62.63 | NOTE | |
r-devel-linux-x86_64-debian-gcc | 0.3.0 | 1.90 | 44.91 | 46.81 | NOTE | |
r-devel-linux-x86_64-fedora-clang | 0.3.0 | 99.67 | OK | |||
r-devel-linux-x86_64-fedora-gcc | 0.3.0 | 110.72 | OK | |||
r-devel-windows-x86_64 | 0.3.0 | 4.00 | 97.00 | 101.00 | OK | |
r-patched-linux-x86_64 | 0.3.0 | 2.27 | 56.92 | 59.19 | OK | |
r-release-linux-x86_64 | 0.3.0 | 2.51 | 56.66 | 59.17 | OK | |
r-release-macos-arm64 | 0.3.0 | 51.00 | OK | |||
r-release-macos-x86_64 | 0.3.0 | 91.00 | OK | |||
r-release-windows-x86_64 | 0.3.0 | 4.00 | 98.00 | 102.00 | OK | |
r-oldrel-macos-arm64 | 0.3.0 | 40.00 | OK | |||
r-oldrel-macos-x86_64 | 0.3.0 | 70.00 | OK | |||
r-oldrel-windows-x86_64 | 0.3.0 | 5.00 | 108.00 | 113.00 | OK |
Version: 0.3.0
Check: CRAN incoming feasibility
Result: NOTE
Maintainer: ‘Sokbae Lee <sl3841@columbia.edu>’
The Description field contains
<arXiv:2004.08318 [econ.EM]>, accepted for publication in Journal of
Please refer to arXiv e-prints via their arXiv DOI <doi:10.48550/arXiv.YYMM.NNNNN>.
Flavors: r-devel-linux-x86_64-debian-clang, r-devel-linux-x86_64-debian-gcc
These binaries (installable software) and packages are in development.
They may not be fully stable and should be used with caution. We make no claims about them.
Health stats visible at Monitor.