Last updated on 2025-02-02 05:48:20 CET.
Flavor | Version | Tinstall | Tcheck | Ttotal | Status | Flags |
---|---|---|---|---|---|---|
r-devel-linux-x86_64-debian-clang | 1.0.2 | 27.55 | 338.04 | 365.59 | NOTE | |
r-devel-linux-x86_64-debian-gcc | 1.0.2 | 15.81 | 204.08 | 219.89 | NOTE | |
r-devel-linux-x86_64-fedora-clang | 1.0.2 | 619.41 | NOTE | |||
r-devel-linux-x86_64-fedora-gcc | 1.0.2 | 559.24 | NOTE | |||
r-devel-windows-x86_64 | 1.0.2 | 24.00 | 271.00 | 295.00 | NOTE | |
r-patched-linux-x86_64 | 1.0.2 | 23.87 | 308.54 | 332.41 | OK | |
r-release-linux-x86_64 | 1.0.2 | 22.86 | 313.03 | 335.89 | OK | |
r-release-macos-arm64 | 1.0.2 | 114.00 | OK | |||
r-release-macos-x86_64 | 1.0.2 | 208.00 | OK | |||
r-release-windows-x86_64 | 1.0.2 | 24.00 | 273.00 | 297.00 | OK | |
r-oldrel-macos-arm64 | 1.0.2 | 157.00 | ERROR | |||
r-oldrel-macos-x86_64 | 1.0.2 | 185.00 | OK | |||
r-oldrel-windows-x86_64 | 1.0.2 | 29.00 | 368.00 | 397.00 | ERROR |
Version: 1.0.2
Check: DESCRIPTION meta-information
Result: NOTE
Missing dependency on R >= 4.1.0 because package code uses the pipe
|> or function shorthand \(...) syntax added in R 4.1.0.
File(s) using such syntax:
‘compare_gcms.R’ ‘kmeans_gcms.R’ ‘transform_gcms.R’
Flavors: r-devel-linux-x86_64-debian-clang, r-devel-linux-x86_64-debian-gcc, r-devel-linux-x86_64-fedora-clang, r-devel-linux-x86_64-fedora-gcc, r-devel-windows-x86_64
Version: 1.0.2
Check: re-building of vignette outputs
Result: ERROR
Error(s) in re-building vignettes:
--- re-building ‘README.Rmd’ using rmarkdown
File man/figures/logo.png not found in resource path
Error: processing vignette 'README.Rmd' failed with diagnostics:
pandoc document conversion failed with error 99
--- failed re-building ‘README.Rmd’
SUMMARY: processing the following file failed:
‘README.Rmd’
Error: Vignette re-building failed.
Execution halted
Flavors: r-oldrel-macos-arm64, r-oldrel-windows-x86_64
These binaries (installable software) and packages are in development.
They may not be fully stable and should be used with caution. We make no claims about them.
Health stats visible at Monitor.