Last updated on 2025-02-23 15:49:39 CET.
Flavor | Version | Tinstall | Tcheck | Ttotal | Status | Flags |
---|---|---|---|---|---|---|
r-devel-linux-x86_64-debian-clang | 0.1.1 | 26.48 | 172.94 | 199.42 | NOTE | |
r-devel-linux-x86_64-debian-gcc | 0.1.1 | 20.28 | 127.24 | 147.52 | NOTE | |
r-devel-linux-x86_64-fedora-clang | 0.1.1 | 311.24 | NOTE | |||
r-devel-linux-x86_64-fedora-gcc | 0.1.1 | 315.98 | NOTE | |||
r-devel-macos-arm64 | 0.1.1 | 79.00 | OK | |||
r-devel-macos-x86_64 | 0.1.1 | 182.00 | OK | |||
r-devel-windows-x86_64 | 0.1.1 | 21.00 | 169.00 | 190.00 | NOTE | |
r-patched-linux-x86_64 | 0.1.1 | 30.67 | 163.10 | 193.77 | NOTE | |
r-release-linux-x86_64 | 0.1.1 | 30.41 | 160.80 | 191.21 | NOTE | |
r-release-macos-arm64 | 0.1.1 | 93.00 | NOTE | |||
r-release-macos-x86_64 | 0.1.1 | 124.00 | NOTE | |||
r-release-windows-x86_64 | 0.1.1 | 22.00 | 155.00 | 177.00 | NOTE | |
r-oldrel-macos-arm64 | 0.1.1 | 90.00 | NOTE | |||
r-oldrel-macos-x86_64 | 0.1.1 | 141.00 | NOTE | |||
r-oldrel-windows-x86_64 | 0.1.1 | 27.00 | 196.00 | 223.00 | NOTE |
Version: 0.1.1
Check: Rd cross-references
Result: NOTE
Found the following Rd file(s) with Rd \link{} targets missing package
anchors:
chkpt_brms.Rd: brms
make_brmsfit.Rd: brms
Please provide package anchors for all Rd \link{} targets not in the
package itself and the base packages.
Package unavailable to check Rd xrefs: ‘cmdstanr’
Flavors: r-devel-linux-x86_64-debian-clang, r-devel-linux-x86_64-debian-gcc, r-devel-windows-x86_64
Version: 0.1.1
Check: dependencies in R code
Result: NOTE
Namespace in Imports field not imported from: ‘Rdpack’
All declared Imports should be used.
Flavors: r-devel-linux-x86_64-fedora-clang, r-devel-linux-x86_64-fedora-gcc
Version: 0.1.1
Check: package dependencies
Result: NOTE
Package suggested but not available for checking: ‘cmdstanr’
Flavors: r-patched-linux-x86_64, r-release-linux-x86_64, r-release-macos-arm64, r-release-macos-x86_64, r-release-windows-x86_64, r-oldrel-macos-arm64, r-oldrel-macos-x86_64, r-oldrel-windows-x86_64
Version: 0.1.1
Check: Rd cross-references
Result: NOTE
Package unavailable to check Rd xrefs: ‘cmdstanr’
Flavors: r-patched-linux-x86_64, r-release-linux-x86_64, r-release-macos-arm64, r-release-macos-x86_64, r-release-windows-x86_64, r-oldrel-macos-arm64, r-oldrel-macos-x86_64, r-oldrel-windows-x86_64
These binaries (installable software) and packages are in development.
They may not be fully stable and should be used with caution. We make no claims about them.
Health stats visible at Monitor.