Last updated on 2025-05-15 11:49:57 CEST.
Flavor | Version | Tinstall | Tcheck | Ttotal | Status | Flags |
---|---|---|---|---|---|---|
r-devel-linux-x86_64-debian-clang | 1.0-2 | 13.60 | 129.02 | 142.62 | NOTE | |
r-devel-linux-x86_64-debian-gcc | 1.0-2 | 10.17 | 90.34 | 100.51 | NOTE | |
r-devel-linux-x86_64-fedora-clang | 1.0-2 | 227.45 | NOTE | |||
r-devel-linux-x86_64-fedora-gcc | 1.0-2 | 237.30 | NOTE | |||
r-devel-windows-x86_64 | 1.0-2 | 18.00 | 157.00 | 175.00 | NOTE | |
r-patched-linux-x86_64 | 1.0-2 | 16.72 | 121.66 | 138.38 | NOTE | |
r-release-linux-x86_64 | 1.0-2 | 15.05 | 121.16 | 136.21 | NOTE | |
r-release-macos-arm64 | 1.0-2 | 77.00 | NOTE | |||
r-release-macos-x86_64 | 1.0-2 | 145.00 | NOTE | |||
r-release-windows-x86_64 | 1.0-2 | 16.00 | 165.00 | 181.00 | NOTE | |
r-oldrel-macos-arm64 | 1.0-2 | 62.00 | NOTE | |||
r-oldrel-macos-x86_64 | 1.0-2 | 102.00 | NOTE | |||
r-oldrel-windows-x86_64 | 1.0-2 | 21.00 | 195.00 | 216.00 | NOTE |
Version: 1.0-2
Check: CRAN incoming feasibility
Result: NOTE
Maintainer: ‘Stefan Roediger <stefan.roediger@b-tu.de>’
Package CITATION file contains call(s) to old-style citEntry(). Please
use bibentry() instead.
Flavors: r-devel-linux-x86_64-debian-clang, r-devel-linux-x86_64-debian-gcc
Version: 1.0-2
Check: Rd files
Result: NOTE
checkRd: (-1) C316.amp.Rd:28-32: Lost braces
28 | 40 x {
| ^
checkRd: (-1) C317.amp.Rd:28-32: Lost braces
28 | 40 x {
| ^
checkRd: (-1) C60.amp.Rd:63-67: Lost braces
63 | 40 x {
| ^
Flavors: r-devel-linux-x86_64-debian-clang, r-devel-linux-x86_64-debian-gcc, r-devel-linux-x86_64-fedora-clang, r-devel-linux-x86_64-fedora-gcc, r-devel-windows-x86_64, r-patched-linux-x86_64, r-release-linux-x86_64, r-release-macos-arm64, r-release-macos-x86_64, r-release-windows-x86_64, r-oldrel-macos-arm64, r-oldrel-macos-x86_64, r-oldrel-windows-x86_64
Version: 1.0-2
Check: Rd cross-references
Result: NOTE
Unknown package ‘qpcR’ in Rd xrefs
Flavors: r-devel-linux-x86_64-debian-clang, r-devel-linux-x86_64-debian-gcc, r-devel-linux-x86_64-fedora-clang, r-devel-linux-x86_64-fedora-gcc, r-patched-linux-x86_64, r-release-linux-x86_64
These binaries (installable software) and packages are in development.
They may not be fully stable and should be used with caution. We make no claims about them.
Health stats visible at Monitor.