CRAN Package Check Results for Package cheddar

Last updated on 2025-05-15 09:52:10 CEST.

Flavor Version Tinstall Tcheck Ttotal Status Flags
r-devel-linux-x86_64-debian-clang 0.1-639 12.96 135.29 148.25 NOTE
r-devel-linux-x86_64-debian-gcc 0.1-639 8.83 94.54 103.37 NOTE
r-devel-linux-x86_64-fedora-clang 0.1-639 240.10 OK
r-devel-linux-x86_64-fedora-gcc 0.1-639 242.04 OK
r-devel-windows-x86_64 0.1-639 18.00 233.00 251.00 OK
r-patched-linux-x86_64 0.1-639 14.40 128.36 142.76 OK
r-release-linux-x86_64 0.1-639 12.52 129.59 142.11 OK
r-release-macos-arm64 0.1-639 80.00 OK
r-release-macos-x86_64 0.1-639 178.00 OK
r-release-windows-x86_64 0.1-639 18.00 248.00 266.00 OK
r-oldrel-macos-arm64 0.1-639 79.00 OK
r-oldrel-macos-x86_64 0.1-639 279.00 OK
r-oldrel-windows-x86_64 0.1-639 23.00 235.00 258.00 OK

Check Details

Version: 0.1-639
Check: CRAN incoming feasibility
Result: NOTE Maintainer: ‘Lawrence Hudson <quicklizard@googlemail.com>’ No Authors@R field in DESCRIPTION. Please add one, modifying Authors@R: c(person(given = c("Lawrence", "Hudson", "with", "contributions", "from", "Dan"), family = "Reuman", role = "aut"), person(given = "Rob", family = "Emerson", role = "aut"), person(given = "Lawrence", family = "Hudson", role = "cre", email = "quicklizard@googlemail.com")) as necessary. Flavors: r-devel-linux-x86_64-debian-clang, r-devel-linux-x86_64-debian-gcc

These binaries (installable software) and packages are in development.
They may not be fully stable and should be used with caution. We make no claims about them.
Health stats visible at Monitor.