Last updated on 2024-05-02 13:49:51 CEST.
Flavor | Version | Tinstall | Tcheck | Ttotal | Status | Flags |
---|---|---|---|---|---|---|
r-devel-linux-x86_64-debian-clang | 2.3.1 | 13.63 | 111.94 | 125.57 | OK | |
r-devel-linux-x86_64-debian-gcc | 2.3.1 | 8.77 | 81.80 | 90.57 | OK | |
r-devel-linux-x86_64-fedora-clang | 2.3.1 | 159.78 | OK | |||
r-devel-linux-x86_64-fedora-gcc | 2.3.1 | 175.72 | OK | |||
r-devel-windows-x86_64 | 2.3.1 | 16.00 | 116.00 | 132.00 | WARN | |
r-patched-linux-x86_64 | 2.3.1 | 19.07 | 105.29 | 124.36 | OK | |
r-release-linux-x86_64 | 2.3.1 | 10.60 | 104.87 | 115.47 | OK | |
r-release-macos-arm64 | 2.3.1 | 49.00 | OK | |||
r-release-windows-x86_64 | 2.3.1 | 16.00 | 114.00 | 130.00 | WARN | |
r-oldrel-macos-arm64 | 2.3.1 | 57.00 | OK | |||
r-oldrel-macos-x86_64 | 2.3.1 | 137.00 | OK | |||
r-oldrel-windows-x86_64 | 2.3.1 | 15.00 | 134.00 | 149.00 | OK |
Version: 2.3.1
Check: whether package can be installed
Result: WARN
Found the following significant warnings:
checks.c:489:80: warning: unknown conversion type character 'j' in format [-Wformat=]
checks.c:489:36: warning: too many arguments for format [-Wformat-extra-args]
checks.c:493:80: warning: unknown conversion type character 'j' in format [-Wformat=]
checks.c:493:36: warning: too many arguments for format [-Wformat-extra-args]
checks.c:497:80: warning: unknown conversion type character 'j' in format [-Wformat=]
checks.c:497:36: warning: too many arguments for format [-Wformat-extra-args]
See 'd:/Rcompile/CRANpkg/local/4.5/checkmate.Rcheck/00install.out' for details.
* used C compiler: 'gcc.exe (GCC) 13.2.0'
Flavor: r-devel-windows-x86_64
Version: 2.3.1
Check: whether package can be installed
Result: WARN
Found the following significant warnings:
checks.c:489:80: warning: unknown conversion type character 'j' in format [-Wformat=]
checks.c:489:36: warning: too many arguments for format [-Wformat-extra-args]
checks.c:493:80: warning: unknown conversion type character 'j' in format [-Wformat=]
checks.c:493:36: warning: too many arguments for format [-Wformat-extra-args]
checks.c:497:80: warning: unknown conversion type character 'j' in format [-Wformat=]
checks.c:497:36: warning: too many arguments for format [-Wformat-extra-args]
See 'd:/Rcompile/CRANpkg/local/4.4/checkmate.Rcheck/00install.out' for details.
* used C compiler: 'gcc.exe (GCC) 13.2.0'
Flavor: r-release-windows-x86_64
These binaries (installable software) and packages are in development.
They may not be fully stable and should be used with caution. We make no claims about them.
Health stats visible at Monitor.