Last updated on 2025-02-23 19:51:01 CET.
Flavor | Version | Tinstall | Tcheck | Ttotal | Status | Flags |
---|---|---|---|---|---|---|
r-devel-linux-x86_64-debian-clang | 2.3.2 | 10.09 | 86.46 | 96.55 | OK | |
r-devel-linux-x86_64-debian-gcc | 2.3.2 | 8.40 | 59.71 | 68.11 | OK | |
r-devel-linux-x86_64-fedora-clang | 2.3.2 | 149.90 | OK | |||
r-devel-linux-x86_64-fedora-gcc | 2.3.2 | 166.48 | OK | |||
r-devel-macos-arm64 | 2.3.2 | 51.00 | OK | |||
r-devel-macos-x86_64 | 2.3.2 | 100.00 | OK | |||
r-devel-windows-x86_64 | 2.3.2 | 17.00 | 117.00 | 134.00 | OK | |
r-patched-linux-x86_64 | 2.3.2 | 12.40 | 81.68 | 94.08 | OK | |
r-release-linux-x86_64 | 2.3.2 | 9.83 | 81.23 | 91.06 | OK | |
r-release-macos-arm64 | 2.3.2 | 48.00 | ERROR | |||
r-release-macos-x86_64 | 2.3.2 | 157.00 | OK | |||
r-release-windows-x86_64 | 2.3.2 | 19.00 | 115.00 | 134.00 | OK | |
r-oldrel-macos-arm64 | 2.3.2 | 60.00 | OK | |||
r-oldrel-macos-x86_64 | 2.3.2 | 105.00 | OK | |||
r-oldrel-windows-x86_64 | 2.3.2 | 18.00 | 138.00 | 156.00 | OK |
Version: 2.3.2
Check: examples
Result: ERROR
Running examples in ‘checkmate-Ex.R’ failed
The error most likely occurred in:
> ### Name: checkDataTable
> ### Title: Check if an argument is a data table
> ### Aliases: checkDataTable check_data_table assertDataTable
> ### assert_data_table testDataTable test_data_table expect_data_table
>
> ### ** Examples
>
> library(data.table)
Error in library(data.table) : there is no package called ‘data.table’
Execution halted
Flavor: r-release-macos-arm64
These binaries (installable software) and packages are in development.
They may not be fully stable and should be used with caution. We make no claims about them.
Health stats visible at Monitor.